{"text_format":"1","workbook":"xlsx","n_sheets":13,"sheets":["Questions - Farm","Questions - Equipment","Questions - Activities","Timeline","OperationBudget(areaMODELED)","OperationBudget(acre)","PerMODELEDAreaSummary","PerAcreSummary","GHOutput","GHData","MACHCOST2","Factors","DropdownLists"],"not_rendered":{"charts":0,"images":1,"macros":1,"external_links":2,"defined_names":46,"comments":1,"pivot_tables":0},"unopened":[],"bounds":{"document_bytes":16777216,"sheet_cells":100000,"rows_first":2000,"rows_last":500,"rows_between":2000,"halvings":0,"cell_chars":16384,"cell_head_chars":4096},"cells_cut":0,"cells_raw":0,"read":"whole","date_system":"1900"}

{"sheet":"Questions - Farm","index":0,"n_rows":22,"n_cols":6,"rows_kept":22,"cut":false,"hidden":false,"merged":[[18,2,19,5]]}
["Instructions"]
["Click on the \"Open Farm Form\" button to begin submitting information for your operation. Once you have submitted the information, you can edit the cells in blue. Once you are finished, click on the \"Questions - Equipment\" tab at the bottom."]
[]
["Crop Being Modeled: "]
["Production Area this Budget Encompasses: ",null,"feet of 4' bed"]
["Total Area under Cultivation:",null,"acres"]
[]
["Product","Qty Yield ","Units","Price Received per Unit"]
[]
[]
[null,null,null,null,null,"Development of this tool was funded by USDA RMA under award number: RM17RMEPP522C044/4500075419"]
[]
[]
["Cost to own or lease ($ / acre)"]
[]
[null,"Machine Operator","Other"]
["Labor Rates ($/hr)"]
[]
["General Farm Overhead Rate",null,"% of total variable costs; costs that are difficult to assign to an individual crop (e.g. property taxes, office expenses, etc.); this is generally in the 5% to 10% range"]
[]
["Retail Overhead Costs",null,"Enter total retail overhead costs not itemized in the Activities form here"]
["Retail Overhead %",null,"Enter % of Retail Overhead Costs (cell above) that should be assigned to this crop"]

{"sheet":"Questions - Equipment","index":1,"n_rows":27,"n_cols":1,"rows_kept":27,"cut":false,"hidden":false,"merged":[]}
["Instructions"]
["Click the \"Open Equipment Form\" button to begin providing information on your equipment. After submitting, you may edit the blue cells. Red cells are automatically calculated.  To remove a response, click on the \"Delete Column\" button. Once you are finished, click on the \"Questions - Activities\" tab at the bottom."]
[]
[]
[]
["Equipment Used in Production of Seed"]
["Type"]
["List Price "]
["Speed of Implement or Powered Equipment (mph)"]
["Width of Implement or Equipment in Feet"]
["Annual use (estimate) for crop in question (hours)"]
["Fuel Type: "]
["Engine horsepower (hp)"]
["Price of fuel ($ / gallon or kW)"]
["Interest rate on loan used for purchase (if any)"]
["Annual Fuel Costs for Crop"]
["Annual Oil / Lubricant Cost for Crop"]
["Annual Repair Costs for Crop"]
["Total Operating Costs for Crop"]
[]
["Annual Depreciation (straight line) for Crop"]
["Annual Interest Cost for Crop (estimated)"]
["Annual Insurance Estimate for Crop "]
["Total Ownership Costs for Crop"]
[]
[]
["Development of this tool was funded by USDA RMA under award number: RM17RMEPP522C044/4500075419"]

{"sheet":"Questions - Activities","index":2,"n_rows":4,"n_cols":26,"rows_kept":4,"cut":false,"hidden":false,"merged":[[2,18,2,21],[2,22,2,25],[2,4,2,5],[1,0,1,3],[2,8,2,9],[2,10,2,13],[2,14,2,17]]}
["Instructions"]
["Please click the \"Open Form\" button to begin providing information on activity and input costs. If you have a greenhouse and would like to estimate its heating costs, click the \"Open Greenhouse Heating Form\". Fill in the form fields for each production activity. More than one input may be included for a single activity. After completing an activity, please click \"Submit\". Once you have submitted information for all production activities, click \"I'm done\". Responses may be edited by changing the blue cells. If you need to delete an activity you submitted, click the \"Delete Activity Row\" button. "]
[null,null,null,null,"Labor hour estimate",null,"Period Start","Period End ","Area",null,"Input #1 Applied per Area Impacted",null,null,null,"Input #2 Applied per Area Impacted",null,null,null,"Input #3 Applied per Area Impacted",null,null,null,"Input #4 Applied per Area Impacted"]
["Year","Activity Period","Activity Category","Activity Name","Machine Operator Labor (hrs)","Other Labor (hrs)","Date","Date","Impacted","Unit","Name","Qty","Unit","Costs per Unit","Name","Qty","Unit","Costs per Unit","Name","Qty","Unit","Costs per Unit","Name","Qty","Unit","Costs per Unit"]

{"sheet":"Timeline","index":3,"n_rows":4,"n_cols":63,"rows_kept":4,"cut":false,"hidden":false,"merged":[[0,0,2,0],[1,58,1,61],[1,3,1,6],[1,8,1,11],[1,13,1,16],[1,18,1,21],[1,23,1,26],[1,28,1,31],[1,33,1,36],[1,38,1,41],[1,43,1,46],[1,48,1,51],[1,53,1,56]]}
["This timeline is automatically populated by the information provided in the Activities table.",null,null,"2020-01-07","2020-01-14","2020-01-21","2020-01-31",null,"2020-02-07","2020-02-14","2020-02-21","2020-02-28",null,"2020-03-07","2020-03-14","2020-03-21","2020-03-31",null,"2020-04-07","2020-04-14","2020-04-21","2020-04-30",null,"2020-05-07","2020-05-14","2020-05-21","2020-05-31",null,"2020-06-07","2020-06-14","2020-06-21","2020-06-30",null,"2020-07-07","2020-07-14","2020-07-21","2020-07-31",null,"2020-08-07","2020-08-14","2020-08-21","2020-08-31",null,"2020-09-07","2020-09-14","2020-09-21","2020-09-30",null,"2020-10-07","2020-10-14","2020-10-21","2020-10-31",null,"2020-11-07","2020-11-14","2020-11-21","2020-11-30",null,"2020-12-07","2020-12-14","2020-12-21","2020-12-31",1]
[null,"Month",null,"Jan",null,null,null,null,"Feb",null,null,null,null,"Mar",null,null,null,null,"Apr",null,null,null,null,"May",null,null,null,null,"Jun",null,null,null,null,"Jul",null,null,null,null,"Aug",null,null,null,null,"Sep",null,null,null,null,"Oct",null,null,null,null,"Nov",null,null,null,null,"Dec"]
[null,"Week",0,1,2,3,4,0,1,2,3,4,0,1,2,3,4,0,1,2,3,4,0,1,2,3,4,0,1,2,3,4,0,1,2,3,4,0,1,2,3,4,0,1,2,3,4,0,1,2,3,4,0,1,2,3,4,0,1,2,3,4,5]
[null,null,null,0,0,0,0,0,0,0,0,0,0,0,0,0,0,0,0,0,0,0,0,0,0,0,0,0,0,0,0,0,0,0,0,0,0,0,0,0,0,0,0,0,0,0,0,0,0,0,0,0,0,0,0,0,0,0,0,0,0]

{"sheet":"OperationBudget(areaMODELED)","index":4,"n_rows":12,"n_cols":13,"rows_kept":12,"cut":false,"hidden":false,"merged":[[1,4,1,9],[2,2,2,3],[2,4,2,5],[2,6,2,7],[2,8,2,9]]}
["This table is automatically populated using the information "]
["provided in the Farm and Activties questions tabs.",null,null,null,"Costs Per Area Modeled"]
[null,null,"Time Period",null,"Tractor Cost",null,"Equipment Cost",null,"Labor",null,"Input",null,"Total"]
[null,null,"From","To","Variable","Fixed","Variable","Fixed","Hours","Cost","Costs",null,"Costs"]
[null,null,null,null,{"$f":"'OperationBudget(acre)'!E5/VLOOKUP('Questions - Farm'!$C$5,Factors!$K$11:$L$15,2)*'Questions - Farm'!$B$5","v":0},{"$f":"'OperationBudget(acre)'!F5/VLOOKUP('Questions - Farm'!$C$5,Factors!$K$11:$L$15,2)*'Questions - Farm'!$B$5","v":0},{"$f":"'OperationBudget(acre)'!G5/VLOOKUP('Questions - Farm'!$C$5,Factors!$K$11:$L$15,2)*'Questions - Farm'!$B$5","v":0},{"$f":"'OperationBudget(acre)'!H5/VLOOKUP('Questions - Farm'!$C$5,Factors!$K$11:$L$15,2)*'Questions - Farm'!$B$5","v":0},{"$f":"IFERROR('Questions - Activities'!E5+'Questions - Activities'!F5,0)","v":0},{"$f":"'Questions - Activities'!E5*'Questions - Farm'!B17+'Questions - Activities'!F5*'Questions - Farm'!C17","v":0},{"$f":"IFERROR(('Questions - Activities'!L5*'Questions - Activities'!N5+'Questions - Activities'!P5*'Questions - Activities'!R5+'Questions - Activities'!T5*'Questions - Activities'!V5+'Questions - Activities'!X5*'Questions - Activities'!Z5),0)","v":0},null,{"$f":"IFERROR(K5+J5+H5+G5+F5+E5,0)","v":0}]
[null,"Other Equipment Operating Costs:"]
[null,"Machine hours not listed in the above table",null,null,{"$f":"'OperationBudget(acre)'!E7/VLOOKUP('Questions - Farm'!$C$5,Factors!$K$11:$L$15,2)*'Questions - Farm'!$B$5","v":0},null,{"$f":"'OperationBudget(acre)'!G7/VLOOKUP('Questions - Farm'!$C$5,Factors!$K$11:$L$15,2)*'Questions - Farm'!$B$5","v":0},null,null,null,null,null,{"$f":"E7","v":0}]
[null,"Overhead (general)",null,null,{"$f":"SUM(E6:E7)*'Questions - Farm'!$B$19","v":0},null,{"$f":"SUM(G6:G7)*'Questions - Farm'!$B$19","v":0},null,null,{"$f":"SUM(J6:J7)*'Questions - Farm'!$B$19","v":0},{"$f":"SUM(K6:K7)*'Questions - Farm'!$B$19","v":0},null,{"$f":"IFERROR(K8+J8+G8+E8,0)","v":0}]
[null,"Retail Overhead",null,null,null,null,null,null,null,null,null,null,{"$f":"'Questions - Farm'!B21*'Questions - Farm'!B22","v":0}]
[null,"Land Costs",null,null,null,null,null,null,null,null,null,null,{"$f":"('Questions - Farm'!B14/VLOOKUP('Questions - Farm'!C5,Factors!$K$11:$L$15,2))*'Questions - Farm'!$B$5","v":0}]
[null,null,null,null,null,null,null,null,null,null,null,"Total Costs:",{"$f":"SUM(M6:M10)","v":0}]
[null,null,"Development of this tool was funded by USDA RMA under award number: RM17RMEPP522C044/4500075419"]

{"sheet":"OperationBudget(acre)","index":5,"n_rows":4,"n_cols":15,"rows_kept":4,"cut":false,"hidden":false,"merged":[[1,4,1,9],[2,2,2,3],[2,4,2,5],[2,6,2,7],[2,8,2,9]]}
["This table is automatically populated using the information "]
["provided in the Farm, Equipment, and Activties questions tabs.",null,null,null,"Costs Per Acre"]
[null,null,"Time Period",null,"Tractor Cost",null,"Equipment Cost",null,"Labor",null,"Input",null,"Total",null,"convert to acres"]
[null,null,"From","To","Variable","Fixed","Variable","Fixed","Hours","Cost","Costs",null,"Costs"]

{"sheet":"PerMODELEDAreaSummary","index":6,"n_rows":28,"n_cols":7,"rows_kept":28,"cut":false,"hidden":false,"merged":[]}
["This table is created automatically ",null,"Area Modeled: ",{"$f":"+'Questions - Farm'!B5","v":0},{"$f":"+'Questions - Farm'!C5","v":"feet of 4' bed"}]
["using the information provided in the "]
["Equipment and Activities tabs.",null,"Income","Unit","Price/Unit","Quantity","Amount"]
[null,null,"None provided"]
[]
[]
[null,null,null,null,null,"Income Per Area:",{"$f":"SUM(G4:G6)","v":0}]
[]
[null,null,"Variable Expenses"]
[]
[]
[null,null,null,null,null,"Variable Costs Per Area:",{"$f":"SUM(G10:G11)","v":0}]
[]
[null,null,"Fixed Expenses"]
[null,null,"Tractors / Powered Unit","$ per area"]
[null,null,"Implements","$ per area"]
[null,null,"Harvesting Equipment","$ per area"]
[null,null,"Irrigation Equipment","$ per area"]
[null,null,"Post Harvest","$ per area"]
[null,null,"Other","$ per area"]
[null,null,"Land Costs","$ per area"]
[null,null,"General Overhead","$ per area"]
[null,null,"Retail Overhead","$ per area"]
[null,null,null,null,null,"Fixed Costs Per Area:",{"$f":"SUM(G15:G23)","v":0}]
[]
[null,null,null,null,null,"Net Revenues Per Area:",{"$f":"IFERROR(G7-(G12+G24),0)","v":0}]
[]
[null,null,"Development of this tool was funded by USDA RMA under award number: RM17RMEPP522C044/4500075419"]

{"sheet":"PerAcreSummary","index":7,"n_rows":28,"n_cols":7,"rows_kept":28,"cut":false,"hidden":false,"merged":[]}
["This table is created automatically "]
["using the information provided in the "]
["Equipment and Activities tabs.",null,"Income","Unit","Price/Unit","Quantity","Amount"]
[null,null,"None provided"]
[]
[]
[null,null,null,null,null,"Income Per Acre:",{"$f":"SUM(G4:G6)","v":0}]
[]
[null,null,"Variable Expenses"]
[]
[]
[null,null,null,null,null,"Variable Costs Per Acre:",{"$f":"SUM(G10:G11)","v":0}]
[]
[null,null,"Fixed Expenses"]
[null,null,"Tractors / Powered Unit","Acre"]
[null,null,"Implements","Acre"]
[null,null,"Harvesting Equipment","Acre"]
[null,null,"Irrigation Equipment","Acre"]
[null,null,"Post Harvest","Acre"]
[null,null,"Other","Acre"]
[null,null,"Land Costs","Acre"]
[null,null,"General Overhead","Acre"]
[null,null,"Retail Overhead","Acre"]
[null,null,null,null,null,"Fixed Costs Per Acre:",{"$f":"SUM(G15:G22)","v":0}]
[]
[null,null,null,null,null,"Net Revenues Per Acre:",{"$f":"IFERROR(G7-(G12+G24),0)","v":0}]
[]
[null,null,"Development of this tool was funded by USDA RMA under award number: RM17RMEPP522C044/4500075419"]

{"sheet":"GHOutput","index":8,"n_rows":49,"n_cols":9,"rows_kept":49,"cut":false,"hidden":true,"merged":[]}
[]
[]
[null,null,null,null,null,null,"Air Leakage","Value"]
[null,null,null,null,null,null,"A Little",1]
[null,null,null,null,null,null,"Not At All",0.63]
[null,null,"Billings",null,null,null,"Somewhat",1.1879999999999999]
[null,null,"Great Falls",null,null,null,"Very",1.375]
[null,null,"Helena"]
[null,null,"Missoula"]
[]
[]
[]
[]
[]
[]
[]
[]
[]
[]
[null,"Material Drop down options","U-value","(Btu hr F ft2)",null,null,"Fuel Type","Energy (btu)","Unit"]
[null,"Glass",1.1299999999999999,null,null,null,"Fuel Oil #2",138500,"Gallon"]
[null,"Double-layered glass",0.65,null,null,null,"Fuel Oil #4",145000,"Gallon"]
[null,"Fiber glass",1,null,null,null,"Fuel Oil #6",153000,"Gallon"]
[null,"Single polyethylene",1.1499999999999999,null,null,null,"Natural Gas",100000,"Therm"]
[null,"Double polyethylene",0.7,null,null,null,"Propane",92500,"Gallon"]
[null,"Bi-wall polycarbonate",0.65,null,null,null,"Hard Coal",26000000,"Ton"]
[null,"Bi-wall acrylic",0.65,null,null,null,"Soft Coal",24000000,"Ton"]
[null,"Concrete Block",0.51,null,null,null,"Electricity",3412,"kWh"]
[null,"Poured Concrete",0.75,null,null,null,"Methane",1000,"ft3"]
[null,"Insulated Concrete",0.13,null,null,null,"Methanol",57000,"Gallon"]
[null,"Energy curtain",0.5,null,null,null,"Landfill Gas",500,"ft3"]
[null,null,null,null,null,null,"Butane",130000,"Gallon"]
[null,null,null,null,null,null,"Ethanol",76000,"Gallon"]
[null,null,"MT - hrs of daylight",null,null,null,"Kerosene",135000,"Gallon"]
[null,"Jan",9,null,null,null,"Waste Oil",125000,"Gallon"]
[null,"Feb",10.5,null,null,null,"Biodiesel",120000,"Gallon"]
[null,"Mar",12,null,null,null,"Gasoline",125000,"Gallon"]
[null,"Apr",14,null,null,null,"Soft Wood",12500000,"Cord"]
[null,"May",15,null,null,null,"Hard Wood",21000000,"Cord"]
[null,"Jun",16,null,null,null,"Hogged Wood",18000000,"Ton"]
[null,"Jul",15,null,null,null,"Sawdust (green; 45% moisture)",9000000,"Ton"]
[null,"Aug",14,null,null,null,"Sawdust (dry)",16000000,"Ton"]
[null,"Sep",12.25,null,null,null,"Wood Chips",7600000,"Ton"]
[null,"Oct",10.15,null,null,null,"Bark",9750000,"Ton"]
[null,"Nov",9,null,null,null,"Wood Pellets",16000000,"Ton"]
[null,"Dec",8.5,null,null,null,"Rubber Pellets",33000000,"Ton"]
[null,null,null,null,null,null,"Plastic",19000,"lb"]
[null,null,null,null,null,null,"Corn Shells",16000000,"Ton"]
[null,null,null,null,null,null,"Corn Cobs",16500000,"Ton"]

{"sheet":"GHData","index":9,"n_rows":1019,"n_cols":14,"rows_kept":1019,"cut":false,"hidden":true,"merged":[]}
[null,null,"This sheet has four data tables, named PrecipitationData, TemperatureData, SunshineData, and WindData"]
[null,null,"Source: National Climatic Data Center"]
[null,null,"284 CITIES"]
[null,null,"Normal Monthly Precipitation (Inches)"]
[null,null,"NORMALS 1971-2000 "]
[]
["City","State","JAN","FEB","MAR","APR","MAY","JUN","JUL","AUG","SEP","OCT","NOV","DEC"]
["ANCHORAGE"," AK",0.68,0.74,0.65,0.52,0.69,1.06,1.7,2.93,2.87,2.08,1.0900000000000001,1.05]
["ANNETTE"," AK",9.67,8.0500000000000007,7.96,7.37,5.73,4.72,4.26,6.12,9.49,13.86,12.21,11.39]
["BARROW"," AK",0.12,0.12,0.09,0.12,0.12,0.32,0.87,1.04,0.69,0.39,0.16,0.12]
["BETHEL"," AK",0.62,0.51,0.67,0.65,0.85,1.6,2.0299999999999998,3.02,2.31,1.43,1.37,1.1200000000000001]
["FAIRBANKS"," AK",0.56000000000000005,0.36,0.28000000000000003,0.21,0.6,1.4,1.73,1.74,1.1200000000000001,0.92,0.68,0.74]
["HOMER"," AK",2.61,2.04,1.82,1.21,1.07,0.96,1.45,2.2799999999999998,3.37,2.77,2.87,3]
["JUNEAU"," AK",4.8099999999999996,4.0199999999999996,3.51,2.96,3.48,3.36,4.1399999999999997,5.37,7.54,8.3000000000000007,5.43,5.41]
["KING SALMON"," AK",1.03,0.72,0.79,0.94,1.35,1.7,2.15,2.89,2.81,2.09,1.54,1.39]
["KODIAK"," AK",8.17,5.72,5.22,5.48,6.31,5.38,4.12,4.4800000000000004,7.84,8.36,6.63,7.64]
["KOTZEBUE"," AK",0.55000000000000004,0.42,0.38,0.41,0.33,0.56999999999999995,1.43,2,1.7,0.95,0.71,0.6]
["MCGRATH"," AK",1.04,0.74,0.81,0.66,1.02,1.45,2.3199999999999998,2.75,2.36,1.46,1.46,1.44]
["NOME"," AK",0.92,0.75,0.6,0.65,0.74,1.1399999999999999,2.15,3.23,2.5099999999999998,1.58,1.28,1.01]
["ST. PAUL ISLAND"," AK",1.74,1.25,1.1200000000000001,1.1200000000000001,1.21,1.41,1.91,2.96,2.79,2.7,2.87,2.13]
["TALKEETNA"," AK",1.45,1.28,1.26,1.22,1.64,2.41,3.24,4.53,4.3499999999999996,3.06,1.78,1.96]
["UNALAKLEET"," AK",0.4,0.31,0.39,0.35,0.55000000000000004,1.25,2.15,2.92,2.1,0.89,0.66,0.47]
["VALDEZ"," AK",6.02,5.53,4.49,3.55,3.08,3.01,3.84,6.62,9.59,8.58,5.51,7.59]
["YAKUTAT"," AK",13.18,10.99,11.41,10.8,9.7799999999999994,7.17,7.88,13.27,20.88,24,15.17,15.85]
["HUNTSVILLE"," AL",5.52,4.95,6.68,4.54,5.24,4.22,4.4000000000000004,3.32,4.29,3.54,5.22,5.59]
["MOBILE"," AL",5.75,5.0999999999999996,7.2,5.0599999999999996,6.1,5.01,6.54,6.2,6.01,3.25,5.41,4.66]
["MONTGOMERY"," AL",5.04,5.45,6.39,4.38,4.1399999999999997,4.13,5.31,3.63,4.22,2.58,4.53,4.97]
["FORT SMITH"," AR",2.37,2.59,3.94,3.91,5.29,4.28,3.19,2.56,3.61,3.94,4.8,3.39]
["LITTLE ROCK"," AR",3.61,3.33,4.88,5.47,5.05,3.95,3.31,2.93,3.71,4.25,5.73,4.71]
["NORTH LITTLE ROCK"," AR",3.37,3.27,4.88,5.03,5.4,3.51,3.15,2.97,3.53,3.81,5.74,4.53]
["FLAGSTAFF"," AZ",2.1800000000000002,2.56,2.62,1.29,0.8,0.43,2.4,2.89,2.12,1.93,1.86,1.83]
["PHOENIX"," AZ",0.83,0.77,1.07,0.25,0.16,0.09,0.99,0.94,0.75,0.79,0.73,0.92]
["TUCSON"," AZ",0.99,0.88,0.81,0.28000000000000003,0.24,0.24,2.0699999999999998,2.2999999999999998,1.45,1.21,0.67,1.03]
["WINSLOW"," AZ",0.46,0.53,0.61,0.27,0.36,0.3,1.18,1.31,1.02,0.9,0.55000000000000004,0.54]
["YUMA"," AZ",0.38,0.28000000000000003,0.27,0.09,0.05,0.02,0.23,0.61,0.26,0.26,0.14000000000000001,0.42]
["BAKERSFIELD"," CA",1.18,1.21,1.41,0.45,0.24,0.12,0,0.08,0.15,0.3,0.59,0.76]
["BISHOP"," CA",0.88,0.97,0.62,0.24,0.26,0.21,0.17,0.13,0.28000000000000003,0.2,0.44,0.62]
["FRESNO"," CA",2.16,2.12,2.2000000000000002,0.76,0.39,0.23,0.01,0.01,0.26,0.65,1.1000000000000001,1.34]
["LONG BEACH"," CA",2.95,3.01,2.4300000000000002,0.6,0.23,0.08,0.02,0.1,0.24,0.4,1.1200000000000001,1.76]
["LOS ANGELES AP"," CA",2.98,3.11,2.4,0.63,0.24,0.08,0.03,0.14000000000000001,0.26,0.36,1.1299999999999999,1.79]
["LOS ANGELES C.O."," CA",3.33,3.68,3.14,0.83,0.31,0.06,0.01,0.13,0.32,0.37,1.05,1.91]
["MOUNT SHASTA"," CA",7.06,6.45,5.81,2.65,1.87,0.99,0.39,0.43,0.87,2.21,5.08,5.35]
["REDDING"," CA",6.5,5.49,5.15,2.4,1.66,0.69,0.05,0.22,0.48,2.1800000000000002,4.03,4.67]
["SACRAMENTO"," CA",3.84,3.54,2.8,1.02,0.53,0.2,0.05,0.06,0.36,0.89,2.19,2.4500000000000002]
["SAN DIEGO"," CA",2.2799999999999998,2.04,2.2599999999999998,0.75,0.2,0.09,0.03,0.09,0.21,0.44,1.07,1.31]
["SAN FRANCISCO AP"," CA",4.45,4.01,3.26,1.17,0.38,0.11,0.03,7.0000000000000007E-2,0.2,1.04,2.4900000000000002,2.89]
["SAN FRANCISCO C.O."," CA",4.72,4.1500000000000004,3.4,1.25,0.54,0.13,0.04,0.09,0.28000000000000003,1.19,3.31,3.18]
["SANTA BARBARA"," CA",3.57,4.28,3.51,0.63,0.23,0.05,0.03,0.11,0.42,0.52,1.32,2.2599999999999998]
["SANTA MARIA"," CA",2.64,3.23,2.94,0.91,0.32,0.05,0.03,0.05,0.31,0.45,1.24,1.84]
["STOCKTON"," CA",2.71,2.46,2.2799999999999998,0.96,0.5,0.09,0.05,0.05,0.33,0.82,1.77,1.82]
["EUREKA"," CA.",5.97,5.51,5.55,2.91,1.62,0.65,0.16,0.38,0.86,2.36,5.78,6.35]
["ALAMOSA"," CO",0.25,0.21,0.46,0.54,0.7,0.59,0.94,1.19,0.89,0.67,0.48,0.33]
["COLORADO SPRINGS"," CO",0.28000000000000003,0.35,1.06,1.62,2.39,2.34,2.85,3.48,1.23,0.86,0.52,0.42]
["DENVER"," CO",0.51,0.49,1.28,1.93,2.3199999999999998,1.56,2.16,1.82,1.1399999999999999,0.99,0.98,0.63]
["GRAND JUNCTION"," CO",0.6,0.5,1,0.86,0.98,0.41,0.66,0.84,0.91,1,0.71,0.52]
["PUEBLO"," CO",0.33,0.26,0.97,1.25,1.49,1.33,2.04,2.27,0.84,0.64,0.57999999999999996,0.39]
["BRIDGEPORT"," CT",3.73,2.92,4.1500000000000004,3.99,4.03,3.57,3.77,3.75,3.58,3.54,3.65,3.47]
["HARTFORD"," CT",3.84,2.96,3.88,3.86,4.3899999999999997,3.85,3.67,3.98,4.13,3.94,4.0599999999999996,3.6]
["WASHINGTON DULLES AP"," D.C.",3.05,2.77,3.55,3.22,4.22,4.07,3.57,3.78,3.82,3.37,3.31,3.07]
["WASHINGTON NAT'L AP"," D.C.",3.21,2.63,3.6,2.77,3.82,3.13,3.66,3.44,3.79,3.22,3.03,3.05]
["WILMINGTON"," DE",3.43,2.81,3.97,3.39,4.1500000000000004,3.59,4.28,3.51,4.01,3.08,3.19,3.4]
["APALACHICOLA"," FL",4.87,3.76,4.95,3,2.62,4.3,7.31,7.29,7.1,4.18,3.62,3.51]
["DAYTONA BEACH"," FL",3.13,2.74,3.84,2.54,3.26,5.69,5.17,6.09,6.61,4.4800000000000004,3.03,2.71]
["FORT MYERS"," FL",2.23,2.1,2.74,1.67,3.42,9.77,8.98,9.5399999999999991,7.86,2.59,1.71,1.58]
["GAINESVILLE"," FL",3.51,3.39,4.26,2.86,3.23,6.78,6.1,6.63,4.37,2.5,2.17,2.56]
["JACKSONVILLE"," FL",3.69,3.15,3.93,3.14,3.48,5.37,5.97,6.87,7.9,3.86,2.34,2.64]
["KEY WEST"," FL",2.2200000000000002,1.51,1.86,2.06,3.48,4.57,3.27,5.4,5.45,4.34,2.64,2.14]
["MIAMI"," FL",1.88,2.0699999999999998,2.56,3.36,5.52,8.5399999999999991,5.79,8.6300000000000008,8.3800000000000008,6.19,3.43,2.1800000000000002]
["ORLANDO"," FL",2.4300000000000002,2.35,3.54,2.42,3.74,7.35,7.15,6.25,5.76,2.73,2.3199999999999998,2.31]
["PENSACOLA"," FL",5.34,4.68,6.4,3.89,4.4000000000000004,6.39,8.02,6.85,5.75,4.13,4.46,3.97]
["TALLAHASSEE"," FL",5.36,4.63,6.47,3.59,4.95,6.92,8.0399999999999991,7.03,5.01,3.25,3.86,4.0999999999999996]
["TAMPA"," FL",2.27,2.67,2.84,1.8,2.85,5.5,6.49,7.6,6.54,2.29,1.62,2.2999999999999998]
["VERO BEACH"," FL",2.89,2.4500000000000002,4.2,2.88,3.8,6.03,6.53,6.04,6.84,5.04,3.04,2.19]
["WEST PALM BEACH"," FL",3.75,2.5499999999999998,3.68,3.57,5.39,7.58,5.97,6.65,8.1,5.46,5.55,3.14]
["ATHENS"," GA",4.6900000000000004,4.3899999999999997,4.99,3.35,3.86,3.94,4.41,3.78,3.53,3.47,3.71,3.71]
["ATLANTA"," GA",5.0199999999999996,4.68,5.38,3.62,3.95,3.63,5.12,3.67,4.09,3.11,4.0999999999999996,3.82]
["COLUMBUS"," GA",4.78,4.4800000000000004,5.75,3.84,3.62,3.51,5.04,3.78,3.07,2.33,3.97,4.4000000000000004]
["MACON"," GA",5,4.55,4.8899999999999997,3.14,2.98,3.54,4.32,3.79,3.26,2.37,3.22,3.93]
["SAVANNAH"," GA",3.95,2.92,3.64,3.32,3.61,5.49,6.04,7.2,5.08,3.12,2.4,2.81]
["HILO"," HI",9.74,8.86,14.35,12.54,8.07,7.36,10.71,9.7799999999999994,9.14,9.64,15.58,10.5]
["KAHULUI"," HI",3.74,2.36,2.35,1.75,0.66,0.23,0.49,0.53,0.39,1.05,2.17,3.08]
["LIHUE"," HI",4.59,3.26,3.58,3,2.87,1.82,2.12,1.91,2.69,4.25,4.7,4.78]
["DES MOINES"," IA",1.03,1.19,2.21,3.58,4.25,4.57,4.18,4.51,3.15,2.62,2.1,1.33]
["SIOUX CITY"," IA",0.59,0.62,2,2.75,3.75,3.61,3.3,2.9,2.42,1.99,1.4,0.66]
["WATERLOO"," IA",0.84,1.05,2.13,3.23,4.1500000000000004,4.82,4.2,4.08,2.95,2.4900000000000002,2.1,1.1100000000000001]
["BOISE"," ID",1.39,1.1399999999999999,1.41,1.27,1.27,0.74,0.39,0.3,0.76,0.76,1.38,1.38]
["LEWISTON"," ID",1.1399999999999999,0.95,1.1200000000000001,1.3,1.56,1.1599999999999999,0.72,0.75,0.8,0.96,1.21,1.05]
["POCATELLO"," ID",1.1399999999999999,1.01,1.38,1.18,1.51,0.91,0.7,0.66,0.89,0.97,1.1299999999999999,1.1000000000000001]
["MOLINE"," IL",1.58,1.51,2.92,3.82,4.25,4.63,4.03,4.41,3.16,2.8,2.73,2.2000000000000002]
["PEORIA"," IL",1.5,1.67,2.83,3.56,4.17,3.84,4.0199999999999996,3.16,3.12,2.76,2.99,2.4]
["ROCKFORD"," IL",1.41,1.34,2.39,3.62,4.0199999999999996,4.8,4.0999999999999996,4.21,3.47,2.57,2.63,2.06]
["SPRINGFIELD"," IL",1.62,1.8,3.15,3.36,4.0599999999999996,3.77,3.53,3.41,2.83,2.62,2.87,2.54]
["EVANSVILLE"," IN",2.91,3.1,4.29,4.4800000000000004,5.01,4.0999999999999996,3.75,3.14,2.99,2.78,4.18,3.54]
["FORT WAYNE"," IN",2.0499999999999998,1.94,2.86,3.54,3.75,4.04,3.58,3.6,2.81,2.63,2.98,2.77]
["INDIANAPOLIS"," IN",2.48,2.41,3.44,3.61,4.3499999999999996,4.13,4.42,3.82,2.88,2.76,3.61,3.03]
["SOUTH BEND"," IN",2.27,1.98,2.89,3.62,3.5,4.1900000000000004,3.73,3.98,3.79,3.27,3.39,3.09]
["CONCORDIA"," KS",0.66,0.73,2.35,2.4500000000000002,4.2,3.95,4.2,3.24,2.5,1.84,1.45,0.86]
["DODGE CITY"," KS",0.62,0.66,1.84,2.25,3,3.15,3.17,2.73,1.7,1.45,1.01,0.77]
["GOODLAND"," KS",0.43,0.44,1.2,1.51,3.46,3.3,3.54,2.4900000000000002,1.1200000000000001,1.05,0.82,0.4]
["TOPEKA"," KS",0.95,1.18,2.56,3.14,4.8600000000000003,4.88,3.83,3.81,3.71,2.99,2.31,1.42]
["WICHITA"," KS",0.84,1.02,2.71,2.57,4.16,4.25,3.31,2.94,2.96,2.4500000000000002,1.82,1.35]
["JACKSON"," KY",3.56,3.68,4.38,3.79,5.16,4.67,4.59,4.13,3.77,3.18,4.2,4.2699999999999996]
["LEXINGTON"," KY",3.34,3.27,4.41,3.67,4.78,4.58,4.8,3.77,3.11,2.7,3.44,4.03]
["LOUISVILLE"," KY",3.28,3.25,4.41,3.91,4.88,3.76,4.3,3.41,3.05,2.79,3.8,3.69]
["BATON ROUGE"," LA",6.19,5.0999999999999996,5.07,5.56,5.34,5.33,5.96,5.86,4.84,3.81,4.76,5.26]
["LAKE CHARLES"," LA",5.52,3.28,3.54,3.64,6.06,6.07,5.12,4.8499999999999996,5.95,3.94,4.6100000000000003,4.5999999999999996]
["NEW ORLEANS"," LA",5.87,5.47,5.24,5.0199999999999996,4.62,6.83,6.2,6.15,5.55,3.05,5.09,5.07]
["SHREVEPORT"," LA",4.5999999999999996,4.21,4.18,4.42,5.25,5.05,3.99,2.71,3.21,4.45,4.68,4.55]
["BLUE HILL"," MA",4.78,4.0599999999999996,4.79,4.32,3.79,3.93,3.74,4.0599999999999996,4.13,4.42,4.6399999999999997,4.5599999999999996]
["BOSTON"," MA",3.92,3.3,3.85,3.6,3.24,3.22,3.06,3.37,3.47,3.79,3.98,3.73]
["WORCESTER"," MA",4.07,3.1,4.2300000000000004,3.92,4.3499999999999996,4.0199999999999996,4.1900000000000004,4.09,4.2699999999999996,4.67,4.34,3.8]
["BALTIMORE"," MD",3.47,3.02,3.93,3,3.89,3.43,3.85,3.74,3.98,3.16,3.12,3.35]
["CARIBOU"," ME",2.97,2.06,2.57,2.64,3.27,3.31,3.89,4.1500000000000004,3.27,2.99,3.12,3.19]
["PORTLAND"," ME",4.09,3.14,4.1399999999999997,4.26,3.82,3.28,3.32,3.05,3.37,4.4000000000000004,4.72,4.24]
["ALPENA"," MI",1.76,1.35,2.13,2.31,2.61,2.5299999999999998,3.17,3.5,2.8,2.33,2.08,1.83]
["DETROIT"," MI",1.91,1.88,2.52,3.05,3.05,3.55,3.16,3.1,3.27,2.23,2.66,2.5099999999999998]
["FLINT"," MI",1.57,1.35,2.2200000000000002,3.13,2.74,3.07,3.17,3.43,3.76,2.34,2.65,2.1800000000000002]
["GRAND RAPIDS"," MI",2.0299999999999998,1.53,2.59,3.48,3.35,3.67,3.56,3.78,4.28,2.8,3.35,2.7]
["HOUGHTON LAKE"," MI",1.61,1.25,2.0499999999999998,2.29,2.57,2.93,2.75,3.72,3.11,2.2599999999999998,2.14,1.75]
["LANSING"," MI",1.61,1.45,2.33,3.09,2.71,3.6,2.68,3.46,3.48,2.29,2.66,2.17]
["MARQUETTE"," MI",2.6,1.85,3.13,2.79,3.07,3.21,3.01,3.55,3.74,3.66,3.27,2.4300000000000002]
["MUSKEGON"," MI",2.2200000000000002,1.58,2.36,2.91,2.95,2.58,2.3199999999999998,3.77,3.52,2.8,3.23,2.64]
["SAULT STE. MARIE"," MI",2.64,1.6,2.41,2.57,2.5,3,3.14,3.47,3.71,3.32,3.4,2.91]
["DULUTH"," MN",1.1200000000000001,0.83,1.69,2.09,2.95,4.25,4.2,4.22,4.13,2.46,2.12,0.94]
["INTERNATIONAL FALLS"," MN",0.84,0.64,0.96,1.38,2.5499999999999998,3.98,3.37,3.14,3.03,1.98,1.36,0.7]
["MINNEAPOLIS-ST.PAUL"," MN",1.04,0.79,1.86,2.31,3.24,4.34,4.04,4.05,2.69,2.11,1.94,1]
["ROCHESTER"," MN",0.94,0.75,1.88,3.01,3.53,4,4.6100000000000003,4.33,3.12,2.2000000000000002,2.0099999999999998,1.02]
["SAINT CLOUD"," MN",0.76,0.59,1.5,2.13,2.97,4.51,3.34,3.93,2.93,2.2400000000000002,1.54,0.69]
["COLUMBIA"," MO",1.73,2.2000000000000002,3.21,4.16,4.87,4.0199999999999996,3.8,3.75,3.42,3.18,3.47,2.4700000000000002]
["KANSAS CITY"," MO",1.1499999999999999,1.31,2.44,3.38,5.39,4.4400000000000004,4.42,3.54,4.6399999999999997,3.33,2.2999999999999998,1.64]
["SPRINGFIELD"," MO",2.11,2.2799999999999998,3.82,4.3099999999999996,4.57,5.0199999999999996,3.56,3.37,4.83,3.47,4.46,3.17]
["ST. LOUIS"," MO",2.14,2.2799999999999998,3.6,3.69,4.1100000000000003,3.76,3.9,2.98,2.96,2.76,3.71,2.86]
["JACKSON"," MS",5.67,4.5,5.74,5.98,4.8600000000000003,3.82,4.6900000000000004,3.66,3.23,3.42,5.04,5.34]
["MERIDIAN"," MS",5.92,5.35,6.93,5.62,4.87,3.99,5.45,3.34,3.64,3.28,4.95,5.31]
["TUPELO"," MS",5.14,4.68,6.3,4.9400000000000004,5.8,4.82,3.65,2.67,3.35,3.38,5.01,6.12]
["BILLINGS"," MT",0.81,0.56999999999999995,1.1200000000000001,1.74,2.48,1.89,1.28,0.85,1.34,1.26,0.75,0.67]
["GLASGOW"," MT",0.35,0.26,0.47,0.75,1.72,2.2000000000000002,1.78,1.25,0.98,0.71,0.39,0.37]
["GREAT FALLS"," MT",0.68,0.51,1.01,1.4,2.5299999999999998,2.2400000000000002,1.45,1.65,1.23,0.93,0.59,0.67]
["HAVRE"," MT",0.47,0.36,0.7,0.87,1.84,1.9,1.51,1.2,1.03,0.62,0.45,0.51]
["HELENA"," MT",0.52,0.38,0.63,0.91,1.78,1.82,1.34,1.29,1.05,0.66,0.48,0.46]
["KALISPELL"," MT",1.47,1.1499999999999999,1.1100000000000001,1.22,2.04,2.2999999999999998,1.41,1.25,1.2,0.96,1.45,1.65]
["MISSOULA"," MT",1.06,0.77,0.96,1.0900000000000001,1.95,1.73,1.0900000000000001,1.1499999999999999,1.08,0.83,0.96,1.1499999999999999]
["ASHEVILLE"," NC",4.0599999999999996,3.83,4.59,3.5,4.41,4.38,3.87,4.3,3.72,3.17,3.82,3.39]
["CAPE HATTERAS"," NC",5.84,3.94,4.95,3.29,3.92,3.82,4.95,6.56,5.68,5.31,4.93,4.5599999999999996]
["CHARLOTTE"," NC",4,3.55,4.3899999999999997,2.95,3.66,3.42,3.79,3.72,3.83,3.66,3.36,3.18]
["RALEIGH"," NC",4.0199999999999996,3.47,4.03,2.8,3.79,3.42,4.29,3.78,4.26,3.18,2.97,3.04]
["WILMINGTON"," NC",4.5199999999999996,3.66,4.22,2.94,4.4000000000000004,5.36,7.62,7.31,6.79,3.21,3.26,3.78]
["BISMARCK"," ND",0.45,0.51,0.85,1.46,2.2200000000000002,2.59,2.58,2.15,1.61,1.28,0.7,0.44]
["FARGO"," ND",0.76,0.59,1.17,1.37,2.61,3.51,2.88,2.52,2.1800000000000002,1.97,1.06,0.56999999999999995]
["GRAND FORKS"," ND",0.68,0.57999999999999996,0.89,1.23,2.21,3.03,3.06,2.72,1.96,1.7,0.99,0.55000000000000004]
["WILLISTON"," ND",0.54,0.39,0.74,1.05,1.88,2.36,2.2799999999999998,1.48,1.35,0.87,0.65,0.56999999999999995]
["GRAND ISLAND"," NE",0.54,0.68,2.04,2.61,4.07,3.72,3.14,3.08,2.4300000000000002,1.51,1.41,0.66]
["LINCOLN"," NE",0.67,0.66,2.21,2.9,4.2300000000000004,3.51,3.54,3.35,2.92,1.94,1.58,0.86]
["NORFOLK"," NE",0.56999999999999995,0.76,1.97,2.59,3.92,4.25,3.74,2.8,2.25,1.72,1.44,0.65]
["NORTH PLATTE"," NE",0.39,0.51,1.24,1.97,3.34,3.17,3.17,2.15,1.32,1.24,0.76,0.4]
["OMAHA (NORTH)"," NE",0.76,0.77,2.25,3.07,4.57,3.84,3.75,2.93,3.03,2.4900000000000002,1.67,0.95]
["OMAHA EPPLEY AP"," NE",0.77,0.8,2.13,2.94,4.4400000000000004,3.95,3.86,3.21,3.17,2.21,1.82,0.92]
["SCOTTSBLUFF"," NE",0.54,0.57999999999999996,1.1599999999999999,1.79,2.7,2.65,2.13,1.19,1.22,1.01,0.8,0.56000000000000005]
["VALENTINE"," NE",0.3,0.48,1.1100000000000001,1.97,3.2,3.01,3.37,2.2000000000000002,1.61,1.22,0.72,0.33]
["CONCORD"," NH",2.97,2.36,3.04,3.07,3.33,3.1,3.37,3.21,3.16,3.46,3.57,2.96]
["MT. WASHINGTON"," NH",8.52,7.33,9.42,8.43,8.2100000000000009,8.36,8.02,8.08,8.5500000000000007,7.66,10.49,8.84]
["ATLANTIC CITY AP"," NJ",3.6,2.85,4.0599999999999996,3.45,3.38,2.66,3.86,4.32,3.14,2.86,3.26,3.15]
["NEWARK"," NJ",3.98,2.96,4.21,3.92,4.46,3.4,4.68,4.0199999999999996,4.01,3.16,3.88,3.57]
["ALBUQUERQUE"," NM",0.49,0.44,0.61,0.5,0.6,0.65,1.27,1.73,1.07,1,0.62,0.49]
["CLAYTON"," NM",0.3,0.27,0.62,0.99,2.08,2.21,2.81,2.69,1.56,0.74,0.54,0.32]
["ROSWELL"," NM",0.39,0.41,0.35,0.57999999999999996,1.3,1.62,1.99,2.31,1.98,1.29,0.53,0.59]
["ELKO"," NV",1.1399999999999999,0.88,0.98,0.81,1.08,0.67,0.3,0.36,0.68,0.71,1.05,0.93]
["ELY"," NV",0.74,0.75,1.05,0.9,1.29,0.66,0.6,0.91,0.94,1,0.63,0.5]
["LAS VEGAS"," NV",0.59,0.69,0.59,0.15,0.24,0.08,0.44,0.45,0.31,0.24,0.31,0.4]
["RENO"," NV",1.06,1.06,0.86,0.35,0.62,0.47,0.24,0.27,0.45,0.42,0.8,0.88]
["WINNEMUCCA"," NV",0.83,0.62,0.86,0.85,1.06,0.69,0.27,0.35,0.53,0.66,0.8,0.81]
["ALBANY"," NY",2.71,2.27,3.17,3.25,3.67,3.74,3.5,3.68,3.31,3.23,3.31,2.76]
["BINGHAMTON"," NY",2.58,2.46,2.97,3.49,3.55,3.8,3.49,3.35,3.59,3.02,3.32,3.03]
["BUFFALO"," NY",3.16,2.42,2.99,3.04,3.35,3.82,3.14,3.87,3.84,3.19,3.92,3.8]
["ISLIP"," NY",4.2699999999999996,3.33,4.76,4.13,3.9,3.71,2.93,4.4800000000000004,3.39,3.63,3.86,4.13]
["NEW YORK (JFK AP)"," NY",3.62,2.7,3.78,3.75,4.13,3.59,3.92,3.64,3.5,3.03,3.48,3.31]
["NEW YORK (LAGUARDIA AP)"," NY",3.56,2.75,3.93,3.68,4.16,3.57,4.41,4.09,3.77,3.26,3.67,3.51]
["NEW YORK C.PARK"," NY",4.13,3.15,4.37,4.28,4.6900000000000004,3.84,4.62,4.22,4.2300000000000004,3.85,4.3600000000000003,3.95]
["ROCHESTER"," NY",2.34,2.04,2.58,2.75,2.82,3.36,2.93,3.54,3.45,2.6,2.84,2.73]
["SYRACUSE"," NY",2.6,2.12,3.02,3.39,3.39,3.71,4.0199999999999996,3.56,4.1500000000000004,3.2,3.77,3.12]
["AKRON"," OH",2.4900000000000002,2.2799999999999998,3.15,3.39,3.96,3.55,4.0199999999999996,3.65,3.43,2.5299999999999998,3.04,2.98]
["CLEVELAND"," OH",2.48,2.29,2.94,3.37,3.5,3.89,3.52,3.69,3.77,2.73,3.38,3.14]
["COLUMBUS"," OH",2.5299999999999998,2.2000000000000002,2.89,3.25,3.88,4.07,4.6100000000000003,3.72,2.92,2.31,3.19,2.93]
["DAYTON"," OH",2.6,2.29,3.29,4.03,4.17,4.21,3.75,3.49,2.65,2.72,3.3,3.08]
["MANSFIELD"," OH",2.63,2.17,3.36,4.17,4.42,4.5199999999999996,4.22,4.5999999999999996,3.44,2.68,3.76,3.26]
["TOLEDO"," OH",1.93,1.88,2.62,3.24,3.14,3.8,2.8,3.19,2.84,2.35,2.78,2.64]
["YOUNGSTOWN"," OH",2.34,2.0299999999999998,3.05,3.33,3.45,3.91,4.0999999999999996,3.43,3.89,2.46,3.07,2.96]
["OKLAHOMA CITY"," OK",1.28,1.56,2.9,3,5.44,4.63,2.94,2.48,3.98,3.64,2.11,1.89]
["TULSA"," OK",1.6,1.95,3.57,3.95,6.11,4.72,2.96,2.85,4.76,4.05,3.47,2.4300000000000002]
["ASTORIA"," OR",9.6199999999999992,7.87,7.37,4.93,3.28,2.57,1.1599999999999999,1.21,2.61,5.61,10.5,10.4]
["EUGENE"," OR",7.65,6.35,5.8,3.66,2.66,1.53,0.64,0.99,1.54,3.35,8.44,8.2899999999999991]
["MEDFORD"," OR",2.4700000000000002,2.1,1.85,1.31,1.21,0.68,0.31,0.52,0.78,1.31,2.93,2.9]
["PENDLETON"," OR",1.45,1.22,1.26,1.1299999999999999,1.22,0.78,0.41,0.56000000000000005,0.63,0.99,1.63,1.48]
["PORTLAND"," OR",5.07,4.18,3.71,2.64,2.38,1.59,0.72,0.93,1.65,2.88,5.61,5.71]
["SALEM"," OR",5.84,5.09,4.17,2.76,2.13,1.45,0.56999999999999995,0.68,1.43,3.03,6.39,6.46]
["SEXTON SUMMIT"," OR",4.71,4.29,3.92,2.38,1.35,0.94,0.35,0.61,1.2,2.93,5.32,5.18]
["ALLENTOWN"," PA",3.5,2.75,3.56,3.49,4.47,3.99,4.2699999999999996,4.3499999999999996,4.37,3.33,3.7,3.39]
["AVOCA"," PA",2.46,2.08,2.69,3.28,3.69,3.97,3.74,3.1,3.86,3.02,3.12,2.5499999999999998]
["HARRISBURG"," PA",3.18,2.88,3.58,3.31,4.5999999999999996,3.99,3.21,3.24,3.65,3.06,3.53,3.22]
["PHILADELPHIA"," PA",3.52,2.74,3.81,3.49,3.88,3.29,4.3899999999999997,3.82,3.88,2.75,3.16,3.31]
["PITTSBURGH"," PA",2.7,2.37,3.17,3.01,3.8,4.12,3.96,3.38,3.21,2.25,3.02,2.86]
["WILLIAMSPORT"," PA",2.85,2.61,3.21,3.49,3.79,4.45,4.08,3.38,3.98,3.19,3.62,2.94]
["ERIE"," PA.",2.5299999999999998,2.2799999999999998,3.13,3.38,3.34,4.28,3.28,4.21,4.7300000000000004,3.92,3.96,3.73]
["GUAM"," PC",5.58,5.1100000000000003,4.24,4.16,6.39,6.28,11.66,16.170000000000002,13.69,11.88,9.34,6.11]
["JOHNSTON ISLAND"," PC",1.64,1.29,2.0099999999999998,1.86,1.1399999999999999,0.87,1.4,2.0699999999999998,2.46,2.78,4.78,2.7]
["KOROR"," PC",11.2,9.65,8.7899999999999991,9.4499999999999993,11.27,17.54,16.989999999999998,14.47,11.65,13.41,11.62,12.33]
["WAKE ISLAND"," PC",1.4,1.89,2.38,2.11,1.7,1.95,3.44,5.62,4.82,4.2699999999999996,2.78,1.87]
["SAN JUAN"," PR",3.02,2.2999999999999998,2.14,3.71,5.29,3.52,4.16,5.22,5.6,5.0599999999999996,6.17,4.57]
["PROVIDENCE"," RI",4.37,3.45,4.43,4.16,3.66,3.38,3.17,3.9,3.7,3.69,4.4000000000000004,4.1399999999999997]
["COLUMBIA"," SC",4.66,3.84,4.59,2.98,3.17,4.99,5.54,5.41,3.94,2.89,2.88,3.38]
["GREENVILLE-SPARTANBURG AP"," SC",4.41,4.24,5.31,3.53,4.59,3.92,4.6500000000000004,4.08,3.96,3.88,3.79,3.86]
["ABERDEEN"," SD",0.48,0.48,1.34,1.83,2.69,3.49,2.92,2.42,1.81,1.63,0.75,0.38]
["HURON"," SD",0.48,0.56999999999999995,1.67,2.29,3,3.28,2.86,2.0699999999999998,1.8,1.59,0.89,0.39]
["RAPID CITY"," SD",0.37,0.46,1.03,1.86,2.96,2.83,2.0299999999999998,1.61,1.1000000000000001,1.37,0.61,0.4]
["SIOUX FALLS"," SD",0.51,0.51,1.81,2.65,3.39,3.49,2.93,3.01,2.58,1.93,1.36,0.52]
["CHATTANOOGA"," TN",5.4,4.8499999999999996,6.19,4.2300000000000004,4.28,3.99,4.7300000000000004,3.59,4.3099999999999996,3.26,4.88,4.8099999999999996]
["KNOXVILLE"," TN",4.57,4.01,5.17,3.99,4.68,4.04,4.71,2.89,3.04,2.65,3.98,4.49]
["MEMPHIS"," TN",4.24,4.3099999999999996,5.58,5.79,5.15,4.3,4.22,3,3.31,3.31,5.76,5.68]
["NASHVILLE"," TN",3.97,3.69,4.87,3.93,5.07,4.08,3.77,3.28,3.59,2.87,4.45,4.54]
["ABILENE"," TX",0.97,1.1299999999999999,1.41,1.67,2.83,3.06,1.69,2.63,2.91,2.9,1.3,1.27]
["AMARILLO"," TX",0.63,0.55000000000000004,1.1299999999999999,1.33,2.5,3.28,2.68,2.94,1.88,1.5,0.68,0.61]
["AUSTIN/BERGSTROM"," TX",2.2000000000000002,1.73,1.98,2.77,5.87,3.38,1.61,1.48,2.63,2.7,2.61,2.39]
["AUSTIN/CITY"," TX",1.89,1.99,2.14,2.5099999999999998,5.03,3.81,1.97,2.31,2.91,3.97,2.68,2.44]
["BROWNSVILLE"," TX",1.36,1.18,0.93,1.96,2.48,2.93,1.77,2.99,5.31,3.78,1.75,1.1100000000000001]
["CORPUS CHRISTI"," TX",1.62,1.84,1.73,2.0499999999999998,3.48,3.53,2,3.54,5.03,3.94,1.74,1.75]
["DALLAS-FORT WORTH"," TX",1.9,2.37,3.06,3.2,5.15,3.23,2.12,2.0299999999999998,2.42,4.1100000000000003,2.57,2.57]
["DALLAS-LOVE FIELD"," TX",1.89,2.31,3.13,3.46,5.3,3.92,2.4300000000000002,2.17,2.65,4.6500000000000004,2.61,2.5299999999999998]
["DEL RIO"," TX",0.56999999999999995,0.96,0.96,1.71,2.31,2.34,2.02,1.59,2.06,2,0.96,0.75]
["EL PASO"," TX",0.45,0.39,0.26,0.23,0.38,0.87,1.49,1.75,1.61,0.81,0.42,0.77]
["GALVESTON"," TX",4.08,2.61,2.76,2.56,3.7,4.04,3.45,4.22,5.76,3.49,3.64,3.53]
["HOUSTON"," TX",3.68,2.98,3.36,3.6,5.15,5.35,3.18,3.83,4.33,4.5,4.1900000000000004,3.69]
["LUBBOCK"," TX",0.5,0.71,0.76,1.29,2.31,2.98,2.13,2.35,2.57,1.7,0.71,0.67]
["MIDLAND-ODESSA"," TX",0.53,0.57999999999999996,0.42,0.73,1.79,1.71,1.89,1.77,2.31,1.77,0.65,0.65]
["PORT ARTHUR"," TX",5.69,3.35,3.75,3.84,5.83,6.58,5.23,4.8499999999999996,6.1,4.67,4.75,5.25]
["SAN ANGELO"," TX",0.81,1.18,0.99,1.6,3.09,2.52,1.1000000000000001,2.0499999999999998,2.95,2.57,1.1000000000000001,0.94]
["SAN ANTONIO"," TX",1.66,1.75,1.89,2.6,4.72,4.3,2.0299999999999998,2.57,3,3.86,2.58,1.96]
["VICTORIA"," TX",2.44,2.04,2.25,2.97,5.12,4.96,2.9,3.05,5,4.26,2.64,2.4700000000000002]
["WACO"," TX",1.9,2.4300000000000002,2.48,2.99,4.46,3.08,2.23,1.85,2.88,3.67,2.61,2.76]
["WICHITA FALLS"," TX",1.1200000000000001,1.57,2.27,2.62,3.92,3.69,1.58,2.38,3.19,3.11,1.68,1.68]
["MILFORD"," UT",0.73,0.77,1.21,0.99,0.94,0.44,0.76,1.04,0.92,1.1200000000000001,0.77,0.57999999999999996]
["SALT LAKE CITY"," UT",1.37,1.33,1.91,2.02,2.09,0.77,0.72,0.76,1.33,1.57,1.4,1.23]
["LYNCHBURG"," VA",3.54,3.1,3.83,3.46,4.1100000000000003,3.79,4.3899999999999997,3.41,3.88,3.39,3.18,3.23]
["NORFOLK"," VA",3.93,3.34,4.08,3.38,3.74,3.77,5.17,4.79,4.0599999999999996,3.47,2.98,3.03]
["RICHMOND"," VA",3.55,2.98,4.09,3.18,3.95,3.54,4.67,4.18,3.98,3.6,3.06,3.12]
["ROANOKE"," VA",3.23,3.08,3.84,3.61,4.24,3.68,4,3.74,3.85,3.15,3.21,2.86]
["BURLINGTON"," VT",2.2200000000000002,1.67,2.3199999999999998,2.88,3.32,3.43,3.97,4.01,3.83,3.12,3.06,2.2200000000000002]
["OLYMPIA"," WA",7.54,6.17,5.29,3.58,2.27,1.78,0.82,1.1000000000000001,2.0299999999999998,4.1900000000000004,8.1300000000000008,7.89]
["QUILLAYUTE"," WA",13.65,12.35,10.98,7.44,5.51,3.5,2.34,2.67,4.1500000000000004,9.81,14.82,14.5]
["SEATTLE C.O."," WA",5.24,4.09,3.92,2.75,2.0299999999999998,1.55,0.93,1.1599999999999999,1.61,3.24,5.67,6.06]
["SEATTLE SEA-TAC AP"," WA",5.13,4.18,3.75,2.59,1.77,1.49,0.79,1.02,1.63,3.19,5.9,5.62]
["SPOKANE"," WA",1.82,1.51,1.53,1.28,1.6,1.18,0.76,0.68,0.76,1.06,2.2400000000000002,2.25]
["YAKIMA"," WA",1.17,0.8,0.7,0.53,0.51,0.62,0.22,0.36,0.39,0.53,1.05,1.38]
["GREEN BAY"," WI",1.21,1.01,2.06,2.56,2.75,3.43,3.44,3.77,3.11,2.17,2.27,1.41]
["LA CROSSE"," WI",1.19,0.99,2,3.38,3.38,4,4.25,4.28,3.4,2.16,2.1,1.23]
["MADISON"," WI",1.25,1.28,2.2799999999999998,3.35,3.25,4.05,3.93,4.33,3.08,2.1800000000000002,2.31,1.66]
["MILWAUKEE"," WI",1.85,1.65,2.59,3.78,3.06,3.56,3.58,4.03,3.3,2.4900000000000002,2.7,2.2200000000000002]
["BECKLEY"," WV",3.23,2.96,3.63,3.42,4.3899999999999997,3.92,4.78,3.45,3.23,2.64,2.88,3.09]
["CHARLESTON"," WV",3.25,3.19,3.9,3.25,4.3,4.09,4.8600000000000003,4.1100000000000003,3.45,2.67,3.66,3.32]
["ELKINS"," WV",3.43,3.2,3.92,3.53,4.7699999999999996,4.6100000000000003,4.83,4.26,3.82,2.86,3.42,3.44]
["HUNTINGTON"," WV",3.21,3.09,3.83,3.33,4.41,3.88,4.46,3.88,2.8,2.73,3.32,3.37]
["CASPER"," WY",0.57999999999999996,0.64,0.9,1.52,2.38,1.43,1.29,0.73,0.98,1.1399999999999999,0.82,0.62]
["CHEYENNE"," WY",0.45,0.44,1.05,1.55,2.48,2.12,2.2599999999999998,1.82,1.43,0.75,0.64,0.46]
["LANDER"," WY",0.52,0.54,1.24,2.0699999999999998,2.38,1.1499999999999999,0.84,0.56999999999999995,1.1399999999999999,1.37,0.99,0.61]
["SHERIDAN"," WY",0.77,0.56999999999999995,1,1.77,2.41,2.02,1.1100000000000001,0.8,1.38,1.41,0.8,0.68]
["BETTLES","AK",0.84,0.61,0.55000000000000004,0.38,0.85,1.43,2.1,2.54,1.82,1.08,0.9,0.87]
["BIG DELTA","AK",0.34,0.41,0.22,0.2,0.77,2.38,2.77,2.11,1.03,0.73,0.59,0.39]
["COLD BAY","AK",3.08,2.59,2.48,2.2999999999999998,2.65,2.89,2.5299999999999998,3.59,4.51,4.54,4.79,4.33]
["GULKANA","AK",0.45,0.52,0.36,0.22,0.59,1.54,1.82,1.8,1.44,1.02,0.67,0.97]
["BIRMINGHAM AP","AL",5.45,4.21,6.1,4.67,4.83,3.78,5.09,3.48,4.05,3.23,4.63,4.47]
["AUGUSTA","GA",4.5,4.1100000000000003,4.6100000000000003,2.94,3.07,4.1900000000000004,4.07,4.4800000000000004,3.59,3.2,2.68,3.14]
["HONOLULU","HI",2.73,2.35,1.89,1.1100000000000001,0.78,0.43,0.5,0.46,0.74,2.1800000000000002,2.2599999999999998,2.85]
["DUBUQUE","IA",1.28,1.42,2.57,3.49,4.12,4.08,3.73,4.59,3.56,2.5,2.4900000000000002,1.69]
["CHICAGO","IL",1.75,1.63,2.65,3.68,3.38,3.63,3.51,4.62,3.27,2.71,3.01,2.4300000000000002]
["GREENSBORO-WNSTN-SALM-HGHPT","NC",3.54,3.1,3.85,3.43,3.95,3.53,4.4400000000000004,3.71,4.29,3.27,2.96,3.06]
["ATLANTIC CITY C.O.","NJ",3.44,2.88,3.79,3.25,3.16,2.46,3.36,4.16,3.02,2.71,2.96,3.18]
["BURNS","OR",1.18,1.1100000000000001,1.24,0.85,1.05,0.66,0.4,0.45,0.5,0.72,1.1100000000000001,1.3]
["BLOCK IS.","RI",3.68,3.04,3.99,3.72,3.4,2.77,2.62,3,3.19,3.04,3.77,3.57]
["CHARLESTON AP","SC",4.08,3.08,4,2.77,3.67,5.92,6.13,6.91,5.98,3.09,2.66,3.24]
["CHARLESTON C.O.","SC",3.62,2.62,3.83,2.44,2.77,4.96,5.5,6.54,6.13,3.02,2.1800000000000002,2.78]
["BRISTOL-JHNSN CTY-KNGSPRT","TN",3.52,3.4,3.91,3.23,4.32,3.89,4.21,3,3.08,2.2999999999999998,3.08,3.39]
["OAK RIDGE","TN",5.13,4.5,5.72,4.32,5.14,4.6399999999999997,5.16,3.39,3.75,3.02,4.8600000000000003,5.42]
["GREATER CINCINNATI AP",null,2.92,2.75,3.9,3.96,4.59,4.42,3.75,3.79,2.82,2.96,3.46,3.28]
["MIDDLETOWN/HARRISBURG INTL APT",null,3.18,2.88,3.58,3.31,4.5999999999999996,3.99,3.21,3.24,3.65,3.06,3.53,3.22]
["PADUCAH KY",null,3.47,3.93,4.2699999999999996,4.95,4.75,4.51,4.45,2.99,3.56,3.45,4.53,4.38]
["WALLA WALLA WASHINGTON",null,2.25,1.97,2.2000000000000002,1.83,1.95,1.1499999999999999,0.73,0.84,0.83,1.77,2.85,2.5099999999999998]
[]
[]
[null,null,null,null,"Sunshine- Average Percent (%)"]
[null,null,null,"DATA THROUGH 2001"]
[]
["174 CITIES",null,"JAN","FEB","MAR","APR","MAY","JUN","JUL","AUG","SEP","OCT","NOV","DEC"]
["ABILENE"," TX",62,64,70,72,70,78,80,78,71,72,67,62]
["ANCHORAGE"," AK",34,42,50,50,50,46,43,39,38,36,32,27]
["JUNEAU"," AK",32,32,37,39,39,34,31,32,26,19,23,20]
["NOME"," AK",40,55,54,54,50,43,37,32,36,34,31,34]
["MONTGOMERY"," AL",47,52,59,65,63,62,61,63,62,64,55,49]
["FORT SMITH"," AR",50,55,56,60,62,69,73,72,66,65,54,50]
["LITTLE ROCK"," AR",46,54,57,62,68,73,71,73,68,69,56,48]
["NORTH LITTLE ROCK"," AR",61,62,72,77,74,81,82,79,81,75,62,57]
["FLAGSTAFF"," AZ",77,73,76,82,88,86,75,76,81,79,75,73]
["PHOENIX"," AZ",78,80,84,89,93,94,85,85,89,88,83,77]
["TUCSON"," AZ",80,82,86,90,92,93,78,80,87,88,84,79]
["YUMA"," AZ",84,87,90,94,95,97,91,91,93,92,87,82]
["FRESNO"," CA",47,65,77,85,90,95,97,96,94,88,66,46]
["LOS ANGELES C.O."," CA",69,72,73,70,66,65,82,83,79,73,74,71]
["REDDING"," CA",72,82,85,90,91,94,97,97,94,92,84,73]
["SACRAMENTO"," CA",48,65,74,82,90,94,97,96,93,86,66,49]
["SAN DIEGO"," CA",72,71,70,68,59,58,68,70,69,68,75,73]
["SAN FRANCISCO C.O."," CA",56,62,69,73,72,73,66,65,72,70,62,53]
["EUREKA"," CA.",43,46,52,57,58,59,55,51,55,50,44,41]
["DENVER"," CO",71,69,69,67,64,70,71,71,74,72,64,67]
["GRAND JUNCTION"," CO",61,65,65,70,73,81,79,77,79,74,63,61]
["PUEBLO"," CO",75,74,74,74,73,78,79,78,80,79,72,71]
["HARTFORD"," CT",53,56,57,55,57,60,62,62,59,57,45,47]
["WASHINGTON NAT'L AP"," D.C.",46,50,55,57,58,64,62,62,61,59,51,46]
["APALACHICOLA"," FL",58,61,65,74,77,71,64,64,66,74,67,57]
["JACKSONVILLE"," FL",58,62,68,73,70,66,65,64,58,60,60,54]
["KEY WEST"," FL",74,77,82,84,82,76,77,76,72,71,71,70]
["MIAMI"," FL",66,68,74,76,72,68,72,71,70,70,67,63]
["PENSACOLA"," FL",48,53,61,63,67,67,57,58,60,71,64,49]
["TAMPA"," FL",63,65,71,75,75,67,62,61,61,65,64,61]
["ATLANTA"," GA",49,54,58,66,68,67,63,64,62,66,58,50]
["MACON"," GA",56,61,65,73,71,70,67,71,67,69,64,57]
["SAVANNAH"," GA",54,57,62,71,68,65,64,62,58,63,61,55]
["HILO"," HI",46,46,42,37,37,44,41,42,43,39,33,37]
["KAHULUI"," HI",64,64,64,63,68,72,71,71,73,68,62,63]
["LIHUE"," HI",55,57,56,55,61,63,62,65,67,59,49,49]
["DES MOINES"," IA",51,54,57,56,61,68,72,70,66,62,49,46]
["SIOUX CITY"," IA",57,56,57,59,61,67,73,70,66,63,51,50]
["BOISE"," ID",40,50,62,68,70,75,87,85,82,69,43,38]
["POCATELLO"," ID",40,53,61,66,67,75,83,81,80,72,47,40]
["MOLINE"," IL",48,50,50,53,57,63,68,66,62,58,42,40]
["PEORIA"," IL",47,50,51,55,60,67,69,67,64,61,43,42]
["SPRINGFIELD"," IL",48,52,51,56,63,68,71,70,68,63,48,44]
["EVANSVILLE"," IN",42,48,55,60,64,71,73,73,69,65,48,42]
["FORT WAYNE"," IN",46,51,55,60,68,74,75,74,68,62,42,38]
["INDIANAPOLIS"," IN",40,49,50,54,60,65,66,68,65,61,41,38]
["CONCORDIA"," KS",64,63,63,65,67,76,78,76,70,68,59,57]
["DODGE CITY"," KS",67,65,65,68,67,74,79,78,74,73,67,65]
["TOPEKA"," KS",56,55,57,58,61,66,71,70,66,64,54,52]
["WICHITA"," KS",58,61,62,63,64,69,76,75,68,65,58,57]
["LOUISVILLE"," KY",41,48,51,56,60,66,67,66,64,61,46,40]
["LAKE CHARLES"," LA",62,66,74,71,72,78,83,81,78,75,67,59]
["NEW ORLEANS"," LA",46,50,56,62,62,63,58,61,61,64,54,48]
["SHREVEPORT"," LA",51,57,58,60,63,71,75,74,70,70,60,54]
["BLUE HILL"," MA",46,50,48,49,52,55,57,58,56,55,47,46]
["BOSTON"," MA",53,56,57,56,58,63,65,65,63,60,50,52]
["BALTIMORE"," MD",51,55,56,56,56,62,64,62,60,58,51,49]
["PORTLAND"," ME",56,59,56,54,54,59,63,63,62,58,48,53]
["ALPENA"," MI",36,45,53,52,59,63,65,59,51,42,28,28]
["DETROIT"," MI",40,46,52,54,61,66,68,67,61,51,35,31]
["GRAND RAPIDS"," MI",28,39,46,51,56,62,64,61,54,44,27,23]
["LANSING"," MI",36,44,49,52,61,65,69,64,59,50,31,29]
["MARQUETTE"," MI",34,40,48,50,60,63,65,61,53,44,34,33]
["SAULT STE. MARIE"," MI",36,47,55,54,57,58,62,58,45,38,24,27]
["DULUTH"," MN",48,53,55,56,57,58,65,61,52,46,35,39]
["MINNEAPOLIS-ST.PAUL"," MN",53,59,57,58,61,66,72,69,62,55,39,42]
["COLUMBIA"," MO",50,49,50,55,57,64,67,64,60,59,47,45]
["KANSAS CITY"," MO",58,55,58,62,61,66,72,67,66,60,49,49]
["SPRINGFIELD"," MO",50,52,56,59,60,65,71,71,67,64,52,48]
["ST. LOUIS"," MO",50,52,54,56,59,66,68,65,63,60,46,43]
["JACKSON"," MS",49,54,60,66,63,70,66,67,65,70,57,49]
["TUPELO"," MS",53,53,61,73,72,74,75,73,72,62,51,46]
["BILLINGS"," MT",47,53,61,60,61,64,76,75,68,61,46,45]
["GREAT FALLS"," MT",49,56,66,62,62,65,79,76,67,61,46,44]
["HELENA"," MT",46,55,61,59,60,64,78,74,67,60,44,42]
["MISSOULA"," MT",33,44,54,57,59,63,81,77,69,55,34,29]
["ASHEVILLE"," NC",55,59,61,66,61,62,60,54,56,61,58,55]
["CAPE HATTERAS"," NC",48,52,60,67,65,65,65,65,64,60,56,48]
["CHARLOTTE"," NC",54,58,61,68,67,67,67,65,64,65,58,55]
["RALEIGH"," NC",52,56,60,63,59,60,60,58,58,60,57,53]
["WILMINGTON"," NC",56,59,64,70,67,66,64,62,61,64,63,59]
["BISMARCK"," ND",53,53,58,58,61,64,73,72,65,58,43,47]
["FARGO"," ND",50,56,58,60,61,62,71,69,60,54,40,43]
["WILLISTON"," ND",51,57,61,60,62,66,74,74,67,59,45,50]
["LINCOLN"," NE",58,57,57,58,61,69,73,70,66,63,53,52]
["NORTH PLATTE"," NE",63,62,62,64,65,71,77,75,72,70,60,61]
["OMAHA (NORTH)"," NE",55,53,54,58,61,67,74,70,68,65,51,48]
["VALENTINE"," NE",63,62,59,59,62,69,76,76,71,68,60,60]
["CONCORD"," NH",52,55,53,53,55,58,62,60,56,53,42,47]
["MT. WASHINGTON"," NH",32,35,34,34,36,32,30,31,35,38,29,30]
["ATLANTIC CITY AP"," NJ",50,53,55,56,56,60,61,65,61,59,51,47]
["ALBUQUERQUE"," NM",72,72,73,77,79,83,76,75,79,79,76,71]
["ROSWELL"," NM",60,68,75,77,80,83,77,73,72,77,73,71]
["ELY"," NV",68,68,71,70,72,80,80,81,82,75,67,67]
["LAS VEGAS"," NV",77,81,83,87,88,93,88,88,91,87,81,78]
["RENO"," NV",65,68,75,80,81,85,92,92,91,83,70,64]
["WINNEMUCCA"," NV",51,56,60,66,72,77,86,85,82,74,54,52]
["ALBANY"," NY",46,52,54,54,56,60,64,61,57,52,37,39]
["BINGHAMTON"," NY",37,42,46,50,56,62,64,61,55,49,32,29]
["BUFFALO"," NY",31,38,46,51,56,65,67,64,57,50,29,27]
["ROCHESTER"," NY",35,41,49,53,59,66,69,66,59,49,31,30]
["SYRACUSE"," NY",33,39,46,49,55,59,63,59,53,44,26,25]
["CLEVELAND"," OH",30,37,45,52,58,65,67,63,60,52,31,25]
["COLUMBUS"," OH",36,42,44,51,56,60,60,60,61,56,37,31]
["DAYTON"," OH",40,44,48,52,58,66,66,67,65,59,40,36]
["TOLEDO"," OH",41,46,50,52,60,64,65,63,61,54,37,33]
["OKLAHOMA CITY"," OK",60,60,65,68,66,75,79,79,72,70,61,58]
["TULSA"," OK",53,56,58,60,60,66,74,73,66,64,56,53]
["PORTLAND"," OR",28,38,48,52,57,56,69,66,62,44,28,23]
["ALLENTOWN"," PA",43,48,53,46,53,62,57,61,58,57,49,45]
["AVOCA"," PA",41,47,50,53,57,61,62,61,55,52,36,34]
["HARRISBURG"," PA",49,54,58,59,60,65,68,67,62,58,47,44]
["PHILADELPHIA"," PA",49,53,55,56,57,62,61,62,59,60,52,49]
["PITTSBURGH"," PA",32,36,43,46,50,55,57,56,55,51,36,28]
["GUAM"," PC",47,52,57,57,56,52,40,36,37,37,40,38]
["JOHNSTON ISLAND"," PC",70,74,74,70,74,78,79,76,73,65,59,62]
["KOROR"," PC",54,54,63,61,54,44,45,44,52,47,50,49]
["WAKE ISLAND"," PC",68,71,76,75,75,76,72,68,68,68,65,64]
["SAN JUAN"," PR",69,70,76,72,64,65,69,68,62,64,60,61]
["PROVIDENCE"," RI",56,58,58,57,58,61,63,62,62,61,50,52]
["COLUMBIA"," SC",55,59,64,70,68,67,67,66,65,67,63,59]
["GREENVILLE-SPARTANBURG AP"," SC",54,57,63,66,62,62,60,61,62,66,58,54]
["HURON"," SD",57,59,59,61,65,70,76,74,69,63,50,49]
["RAPID CITY"," SD",57,60,63,62,60,65,73,74,70,66,55,55]
["CHATTANOOGA"," TN",43,49,53,61,65,65,62,63,64,63,53,44]
["KNOXVILLE"," TN",40,47,53,63,64,65,64,63,61,61,49,40]
["MEMPHIS"," TN",50,54,56,64,69,74,74,75,69,70,58,50]
["NASHVILLE"," TN",41,47,52,59,60,65,63,63,62,62,50,42]
["AMARILLO"," TX",69,68,72,74,71,78,79,77,73,75,72,67]
["AUSTIN/BERGSTROM"," TX",49,51,55,54,56,69,75,74,66,63,56,49]
["AUSTIN/CITY"," TX",49,51,55,54,56,69,75,74,66,64,54,49]
["BROWNSVILLE"," TX",41,48,53,58,63,73,80,76,68,65,51,42]
["CORPUS CHRISTI"," TX",44,49,54,56,59,72,80,76,68,67,54,43]
["DALLAS-FORT WORTH"," TX",52,54,58,61,57,67,75,73,67,63,57,52]
["EL PASO"," TX",78,82,86,89,90,90,82,81,83,84,83,77]
["GALVESTON"," TX",48,51,56,61,67,75,73,71,68,71,59,48]
["HOUSTON"," TX",45,50,54,58,62,68,70,68,66,64,52,51]
["LUBBOCK"," TX",65,66,73,74,71,76,77,76,71,75,69,65]
["MIDLAND-ODESSA"," TX",66,69,73,78,78,81,81,77,77,73,74,65]
["PORT ARTHUR"," TX",42,52,52,52,64,69,65,63,62,67,57,47]
["SAN ANTONIO"," TX",47,50,57,56,56,67,74,74,67,64,54,48]
["MILFORD"," UT",58,64,63,69,73,82,77,79,80,76,62,60]
["SALT LAKE CITY"," UT",45,54,64,68,72,80,83,82,82,72,53,42]
["LYNCHBURG"," VA",52,56,58,62,62,65,62,62,61,62,56,53]
["NORFOLK"," VA",53,56,60,63,62,67,62,62,61,59,56,54]
["RICHMOND"," VA",54,58,62,66,66,70,68,66,65,63,59,54]
["BURLINGTON"," VT",41,48,51,49,56,59,64,60,54,47,31,33]
["QUILLAYUTE"," WA",22,30,34,35,37,35,43,44,47,34,21,19]
["SEATTLE C.O."," WA",28,34,42,47,52,49,63,56,53,37,28,23]
["SEATTLE SEA-TAC AP"," WA",28,40,50,52,56,56,65,65,62,43,28,23]
["SPOKANE"," WA",28,41,55,61,65,67,80,78,72,55,29,23]
["GREEN BAY"," WI",49,52,53,55,61,65,66,63,56,47,38,40]
["MADISON"," WI",47,51,52,52,58,64,67,64,60,54,39,40]
["MILWAUKEE"," WI",44,47,50,53,60,65,69,66,59,54,39,38]
["ELKINS"," WV",29,32,39,46,44,48,44,44,45,46,37,28]
["CHEYENNE"," WY",64,67,67,63,61,67,69,68,70,69,61,60]
["LANDER"," WY",65,68,70,66,64,72,75,75,72,67,58,61]
["SHERIDAN"," WY",57,60,63,60,60,65,75,75,68,62,53,55]
["BIRMINGHAM AP","AL",42,50,54,63,66,65,59,63,61,66,55,46]
["BIRMINGHAM C.O.","AL",48,48,62,61,64,63,60,62,57,63,49,52]
["HONOLULU","HI",65,68,72,70,72,74,76,77,77,70,65,63]
["CAIRO","IL",45,50,56,62,65,72,74,75,69,67,51,44]
["CHICAGO","IL",44,49,51,50,58,67,66,62,59,55,38,43]
["GREENSBORO-WNSTN-SALM-HGHPT","NC",51,56,60,63,63,64,62,61,62,64,57,53]
["CHARLESTON AP","SC",56,59,66,72,68,66,67,64,61,63,59,56]
["GREATER CINCINNATI AP",null,33,40,48,56,57,61,61,61,61,54,36,31]
["MIDDLETOWN/HARRISBURG INTL APT",null,48,54,57,58,59,64,67,66,61,58,47,44]
["NEW YORK C.PARK",null,51,55,57,58,61,64,65,64,62,61,52,49]
["PADUCAH KY",null,44,47,54,61,64,60,70,71,63,65,50,42]
[]
[null,null,null,"Normal Daily Mean Temperature"]
[null,null,null,"NORMALS 1971-2000 "]
[]
["283 CITIES",null,"JAN","FEB","MAR","APR","MAY","JUN","JUL","AUG","SEP","OCT","NOV","DEC"]
["ABERDEEN"," SD",11,18.7,30.7,45.4,57.9,66.8,72.2,70.5,59.8,46.8,29.3,16]
["ANCHORAGE"," AK",15.8,18.7,25.9,36.299999999999997,46.9,54.7,58.4,56.4,48.2,34.1,21.8,17.5]
["ANNETTE"," AK",35.1,37.1,39.5,43.8,49.4,54.3,58.2,58.6,53.8,46.5,39.700000000000003,36.4]
["BARROW"," AK",-13.7,-15.9,-13.7,-0.5,20.100000000000001,35,40.4,38.700000000000003,31.2,14.6,-0.9,-10.6]
["BETHEL"," AK",6.6,7.6,14.5,25.9,41.3,51.4,56,53.6,45.4,30,17.399999999999999,9.4]
["FAIRBANKS"," AK",-9.6999999999999993,-3.8,11.1,31.7,48.8,59.7,62.4,56.2,44.5,23.5,2.2999999999999998,-5.9]
["HOMER"," AK",23.4,24.9,29.4,36.4,43.7,50,54.1,53.8,47.9,37.799999999999997,29.4,25.8]
["JUNEAU"," AK",25.7,28.9,33.700000000000003,40.799999999999997,47.9,53.9,56.8,55.7,50,42.3,33.299999999999997,28.7]
["KING SALMON"," AK",15.4,15.6,23.5,33.1,43.5,50.9,55.7,54.8,47.6,33.299999999999997,23.2,17.2]
["KODIAK"," AK",29.7,29.9,32.6,37.299999999999997,43.5,49.2,54.1,55,49.4,40.299999999999997,34,30.6]
["KOTZEBUE"," AK",-2.5,-3.5,-0.3,11.5,31.6,44.8,54.7,52.1,41.8,23.2,8.3000000000000007,-0.2]
["MCGRATH"," AK",-6.7,-0.9,11.8,29.1,46.2,56.7,59.8,54.9,44.7,25.3,5.8,-3.8]
["NOME"," AK",5.8,5.7,9.4,19.600000000000001,37.1,47.3,52.6,50.6,42.9,28.5,16.899999999999999,8.4]
["ST. PAUL ISLAND"," AK",25.7,23.3,24.2,28.4,35.700000000000003,41.9,46.7,48.4,45,38.299999999999997,33.1,28.8]
["TALKEETNA"," AK",11,15.4,22.6,34.299999999999997,45.8,55.3,58.9,55.6,46.2,31.4,17.5,13]
["UNALAKLEET"," AK",3.3,4.3,10.7,22.7,39.5,49,55.5,53.1,43.6,26.5,12.6,6.1]
["VALDEZ"," AK",21.9,24.8,29.8,37.700000000000003,45.8,52.2,55.2,53.6,47.1,38.200000000000003,28.3,24.7]
["YAKUTAT"," AK",25.8,28.4,31.5,37.200000000000003,43.6,49.7,53.6,53.3,48.2,41.1,32.4,28.6]
["HUNTSVILLE"," AL",39.799999999999997,44.3,52.3,60.4,68.599999999999994,76,79.5,78.599999999999994,72.400000000000006,61.3,51.2,43.1]
["MOBILE"," AL",50.1,53.5,60.2,66.099999999999994,73.5,79.3,81.5,81.3,77.2,67.7,58.9,52.3]
["MONTGOMERY"," AL",46.6,50.5,57.9,64.3,72.3,78.900000000000006,81.8,81.2,76.3,65.400000000000006,56.1,49]
["FORT SMITH"," AR",38,43.7,52.6,61.1,69.5,77.5,82.2,81.5,73.900000000000006,62.8,50.5,41]
["LITTLE ROCK"," AR",40.1,45.2,53.4,61.4,70.099999999999994,78.400000000000006,82.4,81.3,74.400000000000006,63.3,51.7,43.2]
["NORTH LITTLE ROCK"," AR",40.200000000000003,45.6,54.3,63,70.900000000000006,78.8,83.2,82.1,75,64.5,52.5,43.4]
["FLAGSTAFF"," AZ",29.7,32.200000000000003,36.6,42.9,50.8,60.1,66.099999999999994,64.400000000000006,57.8,47.1,36.5,30.2]
["PHOENIX"," AZ",54.2,58.2,62.7,70.2,79.099999999999994,88.6,92.8,91.4,86,74.599999999999994,61.6,54.3]
["TUCSON"," AZ",51.7,55,59.2,66,74.5,84.1,86.5,84.9,80.900000000000006,70.5,58.7,51.9]
["WINSLOW"," AZ",34.200000000000003,40,46.3,53.4,62.2,72.099999999999994,77.5,75.599999999999994,68.2,55.9,43.2,34.1]
["YUMA"," AZ",58.1,62,66.5,72.7,79.900000000000006,88.8,94.1,93.5,88.2,77.2,64.8,57.4]
["BAKERSFIELD"," CA",47.8,53.3,57.3,62.7,70.3,77.7,83.1,81.900000000000006,76.7,67.2,54.8,47.2]
["BISHOP"," CA",38,42.4,47.7,54.1,62.5,71.099999999999994,76.8,74.8,67.3,56.6,44.8,38]
["FRESNO"," CA",46,51.4,55.5,61.2,68.8,76.099999999999994,81.400000000000006,79.900000000000006,74.599999999999994,65,52.7,45.2]
["LONG BEACH"," CA",57,58.3,59.7,63,65.900000000000006,69.8,73.8,75.099999999999994,73.400000000000006,68.599999999999994,61.8,57.1]
["LOS ANGELES AP"," CA",57.1,58,58.3,60.8,63.1,66.400000000000006,69.3,70.7,70.099999999999994,66.900000000000006,61.6,57.6]
["LOS ANGELES C.O."," CA",58.3,60,60.7,63.8,66.2,70.5,74.2,75.2,74,69.5,62.9,58.5]
["MOUNT SHASTA"," CA",35.299999999999997,38.200000000000003,41.2,46.3,53.2,60.2,66.099999999999994,65.099999999999994,59.5,50.5,39.9,34.799999999999997]
["REDDING"," CA",45.5,49.1,52.5,57.8,66.2,75.2,81.3,78.900000000000006,73.400000000000006,63.2,51.1,45.3]
["SACRAMENTO"," CA",46.3,51.2,54.5,58.9,65.5,71.5,75.400000000000006,74.8,71.7,64.400000000000006,53.3,45.8]
["SAN DIEGO"," CA",57.8,58.9,60,62.6,64.599999999999994,67.400000000000006,70.900000000000006,72.5,71.599999999999994,67.599999999999994,61.8,57.6]
["SAN FRANCISCO AP"," CA",49.4,52.4,54,56.2,58.7,61.4,62.8,63.6,63.9,61,54.7,49.5]
["SAN FRANCISCO C.O."," CA",52.3,55,55.9,57.3,58.4,60.5,61.3,62.4,63.7,62.5,57.5,52.7]
["SANTA BARBARA"," CA",53.1,55.2,56.7,58.9,60.9,64.2,67,68.599999999999994,67.400000000000006,63.5,57.5,53.2]
["SANTA MARIA"," CA",51.6,53.1,53.8,55.5,57.8,60.9,63.5,64.2,63.9,61.1,55.5,51.6]
["STOCKTON"," CA",46,51.1,54.9,60,66.7,73.2,77.3,76.5,72.8,64.599999999999994,53.1,45.3]
["EUREKA"," CA.",47.9,48.9,49.2,50.7,53.6,56.3,58.1,58.7,57.4,54.5,51,47.9]
["ALAMOSA"," CO",14.7,22.5,32.700000000000003,40.799999999999997,50.4,59.4,64.099999999999994,62.1,54.5,42.8,28.4,17.100000000000001]
["COLORADO SPRINGS"," CO",28.1,31.7,37.799999999999997,45.3,54.6,64.400000000000006,69.599999999999994,67.599999999999994,59.8,48.9,36.200000000000003,29]
["DENVER"," CO",29.2,33.200000000000003,39.6,47.6,57.2,67.599999999999994,73.400000000000006,71.7,62.4,51,37.5,30.3]
["GRAND JUNCTION"," CO",26.1,34.1,43.4,50.9,60.5,71.099999999999994,76.8,74.7,65.400000000000006,52.7,38.1,28.2]
["PUEBLO"," CO",29.3,34.6,41.8,49.9,59.7,69.8,75.400000000000006,73.5,64.8,52.4,38.4,30.3]
["BRIDGEPORT"," CT",29.9,31.9,39.5,48.9,59,68,74,73.099999999999994,65.7,54.7,45.1,35.1]
["HARTFORD"," CT",25.7,28.8,38,48.9,59.9,68.5,73.7,71.599999999999994,63.2,51.9,41.8,30.8]
["WASHINGTON DULLES AP"," D.C.",31.7,34.799999999999997,43.4,53.1,62.3,70.900000000000006,75.7,74.400000000000006,67.3,55,45.2,36]
["WASHINGTON NAT'L AP"," D.C.",34.9,38.1,46.5,56.1,65.599999999999994,74.5,79.2,77.400000000000006,70.5,58.8,48.7,39.5]
["WILMINGTON"," DE",31.5,34.200000000000003,42.7,52.4,62.5,71.5,76.599999999999994,75,67.7,55.8,45.9,36.4]
["CHUUK"," E. CAROLINE IS.",81.5,81.3,81.599999999999994,81.8,81.900000000000006,81.599999999999994,81.400000000000006,80.900000000000006,81.3,81.400000000000006,82.1,81.5]
["APALACHICOLA"," FL",52.7,55.3,60.7,66.8,74.099999999999994,80,81.900000000000006,81.7,79.099999999999994,70.2,62,55.2]
["DAYTONA BEACH"," FL",58.4,60,64.7,68.900000000000006,74.8,79.7,81.7,81.5,79.900000000000006,74,67,60.8]
["FORT MYERS"," FL",64.900000000000006,66,69.900000000000006,73.599999999999994,78.8,82.2,83,83.1,82.1,77.5,71.7,66.400000000000006]
["GAINESVILLE"," FL",54.3,57,62.5,67.599999999999994,74.3,79.2,80.900000000000006,80.400000000000006,77.8,70.099999999999994,62.8,56.3]
["JACKSONVILLE"," FL",53.1,55.8,61.6,66.599999999999994,73.400000000000006,79.099999999999994,81.599999999999994,80.8,77.8,69.400000000000006,61.7,55]
["KEY WEST"," FL",70.3,70.8,73.8,77,80.7,83.4,84.5,84.4,83.4,80.2,76.3,72]
["MIAMI"," FL",68.099999999999994,69.099999999999994,72.400000000000006,75.7,79.599999999999994,82.4,83.7,83.6,82.4,78.8,74.400000000000006,69.900000000000006]
["ORLANDO"," FL",60.9,62.6,67.400000000000006,71.5,77.099999999999994,81.2,82.4,82.5,81.099999999999994,75.3,68.8,63]
["PENSACOLA"," FL",52,54.9,61,66.900000000000006,74.599999999999994,80.599999999999994,82.6,82.2,78.7,69.5,60.7,54.1]
["TALLAHASSEE"," FL",51.8,54.8,61.1,66.400000000000006,74.400000000000006,80.400000000000006,82.4,82.1,78.900000000000006,69.099999999999994,60.4,53.7]
["TAMPA"," FL",61.3,62.7,67.400000000000006,71.5,77.599999999999994,81.5,82.5,82.7,81.599999999999994,75.8,69.3,63.3]
["VERO BEACH"," FL",63,63.9,67.7,71.5,76.2,80.400000000000006,81.7,81.599999999999994,80.7,76.400000000000006,70.5,64.7]
["WEST PALM BEACH"," FL",66.2,67.2,70.599999999999994,73.8,78.2,81.2,82.5,82.8,81.7,78.099999999999994,73.099999999999994,68.3]
["ATHENS"," GA",42.2,46,53.5,60.9,69.099999999999994,76.3,79.8,78.400000000000006,72.599999999999994,61.8,52.7,44.8]
["ATLANTA"," GA",42.7,46.7,54.3,61.6,69.8,76.8,80,78.900000000000006,73.3,62.8,53.4,45.4]
["COLUMBUS"," GA",46.8,50.3,57.6,64.2,72.3,79.2,82,81.3,76.2,65.8,56.7,49.1]
["MACON"," GA",45.5,48.9,56.2,62.7,71,78,81.099999999999994,80,74.5,63.9,55.1,47.8]
["SAVANNAH"," GA",49.2,52.5,59.3,65.3,72.8,78.8,82.1,80.8,76.7,67.099999999999994,58.7,51.4]
["HILO"," HI",71.400000000000006,71.5,72,72.5,73.7,75.099999999999994,75.900000000000006,76.3,76.2,75.599999999999994,74,72.2]
["KAHULUI"," HI",71.8,71.900000000000006,73.099999999999994,74.2,75.7,77.599999999999994,78.8,79.5,79.099999999999994,78.099999999999994,76,73.400000000000006]
["LIHUE"," HI",71.7,71.7,72.7,73.900000000000006,75.400000000000006,77.7,79,79.7,79.5,78.2,75.900000000000006,73.3]
["DES MOINES"," IA",20.399999999999999,26.6,38.4,50.6,61.9,71.400000000000006,76.099999999999994,73.900000000000006,65.099999999999994,52.8,37.9,24.9]
["SIOUX CITY"," IA",18.600000000000001,25.1,36.5,49.5,61.2,70.5,74.599999999999994,72.099999999999994,63.1,50.8,34.799999999999997,22.3]
["WATERLOO"," IA",16.100000000000001,22.6,35,47.8,60.2,69.900000000000006,73.599999999999994,71.2,62.6,50.2,35.1,21.6]
["BOISE"," ID",30.2,36.700000000000003,43.8,50.6,58.6,67.2,74.7,73.900000000000006,64.2,52.8,39.9,30.6]
["LEWISTON"," ID",33.700000000000003,38.4,44.7,51.1,58.5,65.8,73.5,73.400000000000006,63.8,51.6,40.4,33.9]
["POCATELLO"," ID",24.4,30,37.9,45.6,53.5,62,69.2,68.400000000000006,58.8,47.7,34.700000000000003,25.3]
["MOLINE"," IL",21.1,26.9,38.700000000000003,50.5,61.7,71.2,75.3,73.2,65,53,39.1,26.4]
["PEORIA"," IL",22.5,28.2,39.799999999999997,51.2,61.9,71.099999999999994,75.099999999999994,73.099999999999994,65.400000000000006,53.4,40.1,27.8]
["ROCKFORD"," IL",19,24.7,36.1,47.9,59.6,68.8,72.900000000000006,70.900000000000006,62.8,51,37.200000000000003,24.4]
["SPRINGFIELD"," IL",25.1,30.6,41.8,52.8,63.6,72.599999999999994,76.3,74.2,67,55.5,42.3,30.3]
["EVANSVILLE"," IN",31,35.799999999999997,45.8,55.5,65.599999999999994,74.8,78.599999999999994,76.5,69.099999999999994,57.3,45.9,35.6]
["FORT WAYNE"," IN",23.6,27.3,38.1,49,60.4,69.7,73.400000000000006,71.099999999999994,64.099999999999994,52.4,40.6,29]
["INDIANAPOLIS"," IN",26.5,31.2,41.7,52,62.6,71.7,75.400000000000006,73.5,66.3,54.6,42.9,31.6]
["SOUTH BEND"," IN",23.4,27.3,37.5,48.3,59.6,69,73,71,63.4,52.1,40.1,28.7]
["CONCORDIA"," KS",26.6,32.4,42.5,52.8,63,73.400000000000006,79.099999999999994,77,68,56,40.799999999999997,30.2]
["DODGE CITY"," KS",30.1,36,44.3,53.9,63.8,74.3,79.8,78.2,69.3,57.1,42.4,33.1]
["GOODLAND"," KS",27.6,32.4,39.799999999999997,48.8,58.7,69.599999999999994,75.099999999999994,73.2,64,51.8,37.4,29.6]
["TOPEKA"," KS",27.2,33.4,44.2,54.5,64.400000000000006,73.900000000000006,78.400000000000006,76.7,68.099999999999994,56.6,42.6,31.4]
["WICHITA"," KS",30.2,36.299999999999997,45.9,55.3,65,75.5,81,79.8,70.8,58.6,44.2,33.6]
["JACKSON"," KY",33.9,37.9,47.1,56.3,64.099999999999994,71.400000000000006,75,73.8,67.900000000000006,57.5,47.7,38.299999999999997]
["LEXINGTON"," KY",32,36.4,45.6,54.6,63.8,72.2,76.099999999999994,74.8,68,56.6,45.9,36.299999999999997]
["LOUISVILLE"," KY",33,37.6,46.9,56.4,65.8,74.2,78.400000000000006,77,70.099999999999994,58.5,47.6,37.6]
["BATON ROUGE"," LA",50.1,53.5,60.3,66.599999999999994,74,79.7,81.7,81.400000000000006,77.5,68.099999999999994,59,52.4]
["LAKE CHARLES"," LA",50.9,54.4,61,67.3,74.900000000000006,80.5,82.6,82.4,78.400000000000006,69.5,60.1,53.3]
["NEW ORLEANS"," LA",52.6,55.7,62.4,68.2,75.599999999999994,80.7,82.7,82.5,78.900000000000006,70,61.4,55.1]
["SHREVEPORT"," LA",46.4,51.2,58.5,65.2,73,79.900000000000006,83.4,82.9,77,66.7,56.1,48.4]
["BLUE HILL"," MA",26,28.3,36.299999999999997,46.3,57,65.7,71.599999999999994,69.900000000000006,62.1,51.6,41.8,31.2]
["BOSTON"," MA",29.3,31.5,38.9,48.3,58.5,68,73.900000000000006,72.3,64.7,54.1,44.9,34.799999999999997]
["WORCESTER"," MA",23.6,26,34.299999999999997,45,56.3,64.7,70.099999999999994,68.3,60.2,49.6,39.6,28.9]
["BALTIMORE"," MD",32.299999999999997,35.5,43.7,53.2,62.9,71.8,76.5,74.5,67.400000000000006,55.4,45.5,36.700000000000003]
["CARIBOU"," ME",9.5,13,24.6,38.1,51.6,60.8,65.599999999999994,63.4,53.8,42.8,30.6,16.399999999999999]
["PORTLAND"," ME",21.7,24.8,33.700000000000003,43.7,53.8,62.9,68.7,67.2,58.7,47.7,38.299999999999997,27.6]
["ALPENA"," MI",17.8,19,28,40.299999999999997,52.2,61.3,66.7,64.5,56.3,45.6,34.6,24]
["DETROIT"," MI",24.5,27.2,36.9,48.1,59.8,69,73.5,71.8,63.9,51.9,40.700000000000003,29.6]
["FLINT"," MI",21.3,23.8,33.700000000000003,45.4,57.1,66.2,70.599999999999994,68.5,60.7,49.2,38.1,26.7]
["GRAND RAPIDS"," MI",22.4,25,34.6,46.3,58.1,67.099999999999994,71.400000000000006,69.400000000000006,61.3,49.9,38.4,27.6]
["HOUGHTON LAKE"," MI",17.8,19.899999999999999,29.3,41.8,53.9,62.2,66.7,64.599999999999994,56.8,46.1,34.799999999999997,23.7]
["LANSING"," MI",21.6,24,33.9,45.5,57.1,66.2,70.3,68.400000000000006,60.5,49.2,38,26.9]
["MARQUETTE"," MI",11.5,14.8,23.7,36.4,50.3,59.3,64.400000000000006,62.3,53.5,42.5,28.9,17.2]
["MUSKEGON"," MI",23.5,25.4,34,44.9,56.1,64.900000000000006,69.900000000000006,68.5,60.5,49.7,38.700000000000003,28.6]
["SAULT STE. MARIE"," MI",13.2,15.6,24.9,38.4,51.3,58.6,63.9,63.3,54.8,44.4,32.4,20.2]
["DULUTH"," MN",8.4,14.8,25.4,39,51.8,59.9,65.5,63.7,54.7,43.5,28,14]
["INTERNATIONAL FALLS"," MN",2.7,10.9,23.6,39.299999999999997,53.3,61.6,66.099999999999994,63.8,53.2,41.6,24.4,8.5]
["MINNEAPOLIS-ST.PAUL"," MN",13.1,20.100000000000001,32.1,46.6,59.3,68.400000000000006,73.2,70.599999999999994,61,48.7,32.5,18.7]
["ROCHESTER"," MN",11.8,18.399999999999999,30.6,44.7,56.9,66.099999999999994,70.099999999999994,67.7,58.9,47,31.2,17.3]
["SAINT CLOUD"," MN",8.8000000000000007,16.100000000000001,28.4,43.6,56.6,65.099999999999994,69.8,67.2,57.4,45.3,28.8,14.4]
["COLUMBIA"," MO",27.8,33.700000000000003,44,54.4,63.7,72.7,77.400000000000006,75.7,67.3,56,43.2,32]
["KANSAS CITY"," MO",26.9,33,43.8,54.4,64.3,73.599999999999994,78.5,76.599999999999994,68.099999999999994,56.8,42.7,31.3]
["SPRINGFIELD"," MO",31.7,37.1,46.3,55.6,64.7,73.400000000000006,78.5,77.599999999999994,69.3,58.4,45.9,35.700000000000003]
["ST. LOUIS"," MO",29.6,35.4,45.8,56.6,66.5,75.599999999999994,80.2,78.2,70.2,58.3,45.3,33.9]
["JACKSON"," MS",45,49.2,56.8,63.4,71.5,78.5,81.400000000000006,80.900000000000006,75.5,64.400000000000006,54.8,47.6]
["MERIDIAN"," MS",46.1,50.2,57.3,63.8,71.7,78.5,81.7,81.400000000000006,76.099999999999994,64.8,55.7,48.9]
["TUPELO"," MS",40.4,44.8,53.1,60.9,69.400000000000006,76.900000000000006,80.599999999999994,79.599999999999994,73.3,61.9,51.5,43.4]
["BILLINGS"," MT",24,29.8,37,46.1,55.7,65.2,72,70.900000000000006,59.5,48.1,34.1,26.1]
["GREAT FALLS"," MT",21.7,26.4,33.4,42.6,51.5,60,66.2,65.599999999999994,55.4,45.5,32.299999999999997,24.3]
["HELENA"," MT",20.2,26.4,35.1,44.1,52.9,61.2,67.8,66.7,56.1,44.8,30.9,21.4]
["MISSOULA"," MT",23.5,29,37.6,45.2,52.7,60.2,66.900000000000006,66.3,56.1,44.4,32,23.4]
["KALISPELL"," MT",21.4,26.8,34.9,43.4,51.3,57.7,63.5,63.2,53.1,41.9,30.9,23.1]
["GLASGOW"," MT",10.8,19.100000000000001,30.9,44.5,55.5,64.400000000000006,70.2,69.5,57.3,45,27.9,15.6]
["ASHEVILLE"," NC",35.799999999999997,39,46.3,54.1,62,69.2,73,71.8,65.7,55.2,46.4,39]
["CAPE HATTERAS"," NC",46.1,46.8,52.4,59.8,67.599999999999994,74.8,79.2,78.599999999999994,74.8,65.7,57.6,50]
["CHARLOTTE"," NC",41.7,45.2,52.8,60.9,69,76.5,80.3,78.900000000000006,72.7,61.7,52.3,44.4]
["RALEIGH"," NC",39.700000000000003,43,50.7,59.1,67,74.7,78.8,77.2,71.2,60,51,43]
["WILMINGTON"," NC",46.1,48.5,55,62.7,70.2,77,81.099999999999994,79.7,75,64.8,56.5,48.9]
["BISMARCK"," ND",10.199999999999999,18.100000000000001,29.7,43.3,56,64.7,70.400000000000006,69,57.7,45.2,28,15.2]
["FARGO"," ND",6.8,14.1,27.2,43.5,57.4,66,70.599999999999994,69,58,45.3,27,12.5]
["GRAND FORKS"," ND",5.3,13.1,25.7,42.3,56.8,65.2,69.400000000000006,67.8,57,44.3,25.8,11.3]
["WILLISTON"," ND",8,16.8,28.7,42.5,54.6,63.7,69.3,68.3,56.1,43.6,25.6,13]
["GRAND ISLAND"," NE",22.4,28.2,38.299999999999997,49.9,60.6,71.099999999999994,75.8,73.599999999999994,64.400000000000006,52,36.4,25.6]
["LINCOLN"," NE",22.4,28.3,39.4,51.2,62,72.7,77.8,75.400000000000006,66,53.5,38.1,26.5]
["NORFOLK"," NE",20.399999999999999,26.4,37,49.1,60.3,70.099999999999994,74.8,72.7,63.4,51,35.1,23.7]
["NORTH PLATTE"," NE",23.2,29.4,38,48.1,58.3,68.400000000000006,74.3,72.599999999999994,62.4,49.7,34.6,25.7]
["OMAHA (NORTH)"," NE",22.4,28.5,39.799999999999997,52,62.3,71.5,75.599999999999994,74,65.7,53.9,38.4,26.2]
["OMAHA EPPLEY AP"," NE",21.7,28,39.299999999999997,51.4,62.2,72.2,76.7,74.5,65.400000000000006,53.2,38,25.6]
["SCOTTSBLUFF"," NE",24.5,30,37.299999999999997,46.2,56.8,67.2,73,70.900000000000006,60.5,47.8,34,25.7]
["VALENTINE"," NE",20.8,26.6,35.299999999999997,46.1,57.5,67.599999999999994,73.7,72.099999999999994,61.5,48.3,33,23.6]
["CONCORD"," NH",20.100000000000001,23.3,33.299999999999997,44.6,56,64.900000000000006,70,68.2,59.4,47.8,37.6,25.9]
["MT. WASHINGTON"," NH",5.2,6.6,13.6,22.9,35.6,44.4,48.7,47.6,40.4,30.2,20.6,10.1]
["ATLANTIC CITY AP"," NJ",32.1,34.200000000000003,41.8,50.6,60.5,69.7,75.3,73.5,66.3,55.1,45.9,36.799999999999997]
["NEWARK"," NJ",31.3,33.799999999999997,42.2,52.3,62.7,71.900000000000006,77.2,75.5,67.8,56.4,46.4,36.4]
["ALBUQUERQUE"," NM",35.700000000000003,41.4,48.1,55.6,64.7,74.8,78.5,76.099999999999994,69.099999999999994,57.3,44.4,36.1]
["CLAYTON"," NM",33.9,37.6,43.7,51.7,60.5,69.900000000000006,73.8,72.2,64.7,54.6,42.2,34.799999999999997]
["ROSWELL"," NM",40,45.7,52.9,60.5,69.599999999999994,78,80.8,78.900000000000006,72,61.4,48.9,40.700000000000003]
["ELKO"," NV",25.6,31.3,38.6,44.6,52.7,61.7,69.099999999999994,67.599999999999994,58.2,46.7,34.5,26]
["ELY"," NV",25.2,29.8,35.9,42.2,50.4,59.9,67.400000000000006,65.8,56.7,45.4,33.5,25.8]
["LAS VEGAS"," NV",47,52.2,58.3,66,75.400000000000006,85.6,91.2,89.3,81.3,68.7,55,47]
["RENO"," NV",33.6,38.5,43.3,48.6,56.4,64.7,71.3,69.900000000000006,62.4,52,40.9,33.6]
["WINNEMUCCA"," NV",30.1,36.1,41.1,46.7,55.2,64.3,72,69.900000000000006,60.3,48.8,37.4,29.6]
["ALBANY"," NY",22.2,25,35,46.6,58.1,66.3,71.099999999999994,69,60.6,49.3,39.200000000000003,28]
["BINGHAMTON"," NY",21.7,23.8,32.700000000000003,44.1,55.9,63.9,68.7,66.599999999999994,58.8,48.1,37.6,27.1]
["BUFFALO"," NY",24.5,25.9,34.299999999999997,45.3,57,65.8,70.8,69.099999999999994,61.5,50.7,40.200000000000003,29.8]
["ISLIP"," NY",30.9,32.4,39.799999999999997,49.1,59.2,68.5,74.599999999999994,73.099999999999994,65.8,54.3,44.9,35.700000000000003]
["NEW YORK (JFK AP)"," NY",31.8,33.5,40.9,50.1,59.7,68.8,74.8,74.099999999999994,67.2,56.5,46.8,37.200000000000003]
["NEW YORK (LAGUARDIA AP)"," NY",32.6,34.799999999999997,42.3,52.2,62.4,71.5,77.099999999999994,75.900000000000006,68.599999999999994,57.7,47.6,37.9]
["NEW YORK C.PARK"," NY",32.1,34.6,42.5,52.5,62.6,71.2,76.5,75.099999999999994,67.5,56.6,47.1,37.299999999999997]
["ROCHESTER"," NY",23.9,25.3,33.9,45.3,57,65.8,70.7,68.900000000000006,61.2,50.4,39.9,29.4]
["SYRACUSE"," NY",22.7,24.5,33.6,45.3,57.1,65.8,70.900000000000006,69.2,61.3,50.1,39.700000000000003,28.6]
["AKRON"," OH",25.2,28.3,37.700000000000003,48.1,58.8,67.5,71.8,70.3,63,51.6,41.1,30.7]
["CLEVELAND"," OH",25.7,28.4,37.5,47.6,58.5,67.5,71.900000000000006,70.2,63.3,52.2,41.8,31.1]
["COLUMBUS"," OH",28.3,32,42,52,62.6,71.2,75.099999999999994,73.5,66.5,54.7,43.7,33.5]
["DAYTON"," OH",26.3,30.3,40.200000000000003,50.6,61.2,70.2,74.3,72.3,65.099999999999994,53.5,42.2,31.4]
["MANSFIELD"," OH",24.3,27.3,36.700000000000003,47.2,58,66.8,71,69.3,62.6,51.5,40.5,29.6]
["TOLEDO"," OH",23.9,27,37.200000000000003,48.3,59.6,68.8,73,70.8,63.5,51.8,40.5,29.2]
["YOUNGSTOWN"," OH",24.9,27.7,36.700000000000003,47.4,57.6,65.900000000000006,69.900000000000006,68.400000000000006,61.5,50.8,40.700000000000003,30.4]
["OKLAHOMA CITY"," OK",36.700000000000003,42.3,51,59.7,68.400000000000006,76.8,82,81.2,73.2,62,48.9,39.5]
["TULSA"," OK",36.4,42,51.4,60.8,69.3,78,83.5,82.2,73.5,62.6,49.7,39.700000000000003]
["ASTORIA"," OR",42.4,44.2,46,48.5,52.7,56.7,60.1,60.8,58.5,52.6,46.6,42.8]
["EUGENE"," OR",39.799999999999997,42.8,46.3,49.8,54.8,60.2,66.2,66.400000000000006,61.7,52.6,44.7,39.5]
["MEDFORD"," OR",39.1,43.5,47.1,51.6,58.1,65.599999999999994,72.7,72.5,65.900000000000006,55.1,43.9,38.1]
["PENDLETON"," OR",33.799999999999997,38.700000000000003,45.1,51,58.1,65.400000000000006,72.599999999999994,72,63.4,52.3,41.2,33.9]
["PORTLAND"," OR",39.9,43.1,47.2,51.2,57.1,62.7,68.099999999999994,68.5,63.6,54.3,45.8,40.200000000000003]
["SALEM"," OR",40.299999999999997,43,46.5,50,55.6,61.2,66.8,67,62.2,52.9,45.2,40.200000000000003]
["SEXTON SUMMIT"," OR",37.5,38.6,39.6,43.4,49.9,56.5,63.7,64.2,60.1,51.3,40.5,37.299999999999997]
["ALLENTOWN"," PA",27.1,29.9,38.799999999999997,49,59.6,68.5,73.3,71.2,63.4,52,42,32]
["AVOCA"," PA",26.3,28.9,37.9,48.7,59.6,67.5,72.099999999999994,70.3,62.5,51.5,41.5,31.4]
["HARRISBURG"," PA",30.3,32.799999999999997,41.7,52.1,62,70.7,75.900000000000006,74,66.2,54.5,44.3,34.799999999999997]
["PHILADELPHIA"," PA",32.299999999999997,34.799999999999997,43.2,53.1,63.5,72.3,77.599999999999994,76.3,68.8,57.2,47.1,37.4]
["PITTSBURGH"," PA",27.5,30.5,39.799999999999997,49.9,60,68.400000000000006,72.599999999999994,71,64,52.5,42.3,32.5]
["WILLIAMSPORT"," PA",25.5,28.5,38,49,59.5,67.8,72.400000000000006,70.900000000000006,63.1,51.3,40.799999999999997,30.7]
["ERIE"," PA.",26.9,28.2,36.5,46.8,58.1,67.400000000000006,72.099999999999994,70.900000000000006,64,53.3,42.9,32.700000000000003]
["GUAM"," PC",77.599999999999994,77.599999999999994,78.400000000000006,79.5,80.3,80.5,79.8,79.5,79.7,79.5,79.599999999999994,78.900000000000006]
["JOHNSTON ISLAND"," PC",77.5,77.7,77.900000000000006,78.7,79.8,81.2,82,82.6,82.5,81.900000000000006,79.900000000000006,78.3]
["KOROR"," PC",81.400000000000006,81.2,81.8,82.3,82.6,81.8,81.400000000000006,81.599999999999994,82,82.1,82.5,82]
["WAKE ISLAND"," PC",77.8,77.3,78.2,79.2,80.8,82.6,83.3,83.3,83.6,82.6,81,79.3]
["SAN JUAN"," PR",76.599999999999994,76.900000000000006,77.599999999999994,79.099999999999994,80.599999999999994,82.1,82.2,82.4,82.2,81.599999999999994,79.599999999999994,77.7]
["PROVIDENCE"," RI",28.7,30.9,38.799999999999997,48.6,58.7,67.599999999999994,73.3,71.900000000000006,64,53,43.8,33.799999999999997]
["COLUMBIA"," SC",44.6,47.9,55.4,63.2,71.599999999999994,78.5,82,80.3,74.7,63.7,54.7,47]
["GREENVILLE-SPARTANBURG AP"," SC",40.799999999999997,44.4,51.6,59,67.2,74.7,78.8,77.5,71.400000000000006,60.5,51.1,43.5]
["HURON"," SD",14.2,21,32.6,46.1,58.2,67.900000000000006,73.400000000000006,71.5,61,47.9,31.3,18.600000000000001]
["RAPID CITY"," SD",22.4,27.3,34.9,44.7,55,64.599999999999994,71.7,71.099999999999994,60.6,48.2,33.4,24.7]
["SIOUX FALLS"," SD",14,20.8,32.6,45.7,57.8,67.5,73,70.8,60.9,48,31.3,18.3]
["CHATTANOOGA"," TN",39.4,43.4,51.4,59.6,67.7,75.400000000000006,79.599999999999994,78.5,72.099999999999994,60.4,50.3,42.4]
["KNOXVILLE"," TN",37.6,41.8,49.7,57.8,66,73.8,77.7,76.900000000000006,70.8,58.8,49,40.9]
["MEMPHIS"," TN",39.9,44.9,53.5,62.1,70.599999999999994,78.7,82.5,81.2,74.8,63.8,52.3,43.3]
["NASHVILLE"," TN",36.799999999999997,41.3,50.1,58.5,67.099999999999994,75.099999999999994,79.099999999999994,77.900000000000006,71.3,59.9,49.3,40.5]
["ABILENE"," TX",43.5,48.6,56.4,64.599999999999994,72.8,79.8,83.5,82.6,75.5,66,53.7,45.4]
["AMARILLO"," TX",35.799999999999997,40.6,47.9,56.2,65.2,74.3,78.2,76.3,69.099999999999994,58.2,45.1,37]
["AUSTIN/BERGSTROM"," TX",48.1,52.6,59.9,67.099999999999994,74.7,80.099999999999994,82.8,82.1,77.5,68.599999999999994,57.8,49.8]
["AUSTIN/CITY"," TX",50.2,54.6,61.7,68.3,75.099999999999994,81,84.2,84.5,79.5,70.599999999999994,59.7,52.1]
["BROWNSVILLE"," TX",59.6,62.7,68.8,73.8,79.3,82.7,83.9,84,81,75,67.7,61.1]
["CORPUS CHRISTI"," TX",56.1,59.5,66,71.5,77.5,81.900000000000006,83.8,83.9,80.8,73.8,65.099999999999994,58.1]
["DALLAS-FORT WORTH"," TX",44.1,49.4,57.4,65,73.099999999999994,80.900000000000006,85,84.4,77.5,67.2,55.1,46.7]
["DALLAS-LOVE FIELD"," TX",45.9,51,58.8,66.3,74.400000000000006,82.2,86.5,86.1,78.900000000000006,68.400000000000006,56.4,48]
["DEL RIO"," TX",51.3,56.1,63.8,70.599999999999994,77.7,82.9,85.3,85.1,80,71.099999999999994,60.1,52.4]
["EL PASO"," TX",45.1,50.5,57,64.599999999999994,73.7,82.1,83.3,81.099999999999994,75.400000000000006,64.900000000000006,52.7,45.4]
["GALVESTON"," TX",55.8,58,64.099999999999994,70,76.900000000000006,82.2,84.3,84.4,81.099999999999994,74.099999999999994,65.400000000000006,58.1]
["HAVRE"," TX",14.6,21.9,32.5,44.3,54.5,62.7,68.3,67.599999999999994,56.3,44.6,29.1,19]
["HOUSTON"," TX",51.8,55.4,62.3,68.5,75.8,81.3,83.6,83.3,78.900000000000006,70.400000000000006,60.9,53.7]
["LUBBOCK"," TX",38.1,43.3,51.2,60,69.2,77.099999999999994,79.8,78,70.900000000000006,60.7,48.1,39.700000000000003]
["MIDLAND-ODESSA"," TX",43.2,48.6,55.9,63.7,72.8,79.599999999999994,81.7,80.400000000000006,73.900000000000006,64.400000000000006,52.3,44.8]
["PORT ARTHUR"," TX",52.2,55.6,62.2,68.2,75.400000000000006,80.900000000000006,82.7,82.5,78.7,70.099999999999994,60.9,54.2]
["SAN ANGELO"," TX",44.9,49.7,57.2,65,73.099999999999994,79.2,82.4,81.3,74.8,65.400000000000006,54,46.4]
["SAN ANTONIO"," TX",50.3,54.7,62.1,68.599999999999994,75.8,81.5,84.3,84.2,79.400000000000006,70.7,60,52.4]
["VICTORIA"," TX",53.2,56.7,63.7,69.7,76.599999999999994,81.8,84.2,84.2,80.099999999999994,72.3,62.7,55.2]
["WACO"," TX",46.1,50.8,58.5,65.900000000000006,74.099999999999994,81.3,85.4,85.2,78.599999999999994,68.599999999999994,56.8,48.3]
["WICHITA FALLS"," TX",40.5,45.7,54.2,62.4,71.400000000000006,79.7,84.8,83.5,75.599999999999994,64.7,51.9,42.9]
["MILFORD"," UT",28.1,33.700000000000003,41.6,48.3,56.6,66.7,74.2,72.599999999999994,63.1,50.6,37.6,28.6]
["SALT LAKE CITY"," UT",29.2,34.5,43.1,50,58.8,69,77,75.599999999999994,65,52.5,39.6,30.2]
["LYNCHBURG"," VA",34.5,37.799999999999997,46,55.3,63.4,71,75.099999999999994,73.8,67.099999999999994,56.1,46.6,38.200000000000003]
["NORFOLK"," VA",40.1,42,49,57.4,66.3,74.5,79.099999999999994,77.400000000000006,72.099999999999994,61.1,52.3,44.2]
["RICHMOND"," VA",36.4,39.5,47.7,57.1,65.400000000000006,73.5,77.900000000000006,76.3,69.8,58.3,49,40.4]
["ROANOKE"," VA",35.799999999999997,39.1,47.2,56.1,64.099999999999994,71.900000000000006,76.2,74.7,67.7,56.6,47.3,39.1]
["BURLINGTON"," VT",18,19.899999999999999,30.7,43.5,56.5,65.599999999999994,70.599999999999994,68.2,59.4,47.7,37.1,24.8]
["YAP"," W CAROLINE IS.",80.099999999999994,80.3,80.8,81.5,81.7,81,80.599999999999994,80.400000000000006,80.599999999999994,80.7,80.900000000000006,80.599999999999994]
["OLYMPIA"," WA",38.1,40.5,43.6,47.4,53.3,58.2,62.8,63.3,58.3,49.7,42.4,38]
["QUILLAYUTE"," WA",40.6,42.2,43.8,46.7,51.2,54.9,58.6,59.3,56.5,50.1,44.2,40.6]
["SEATTLE C.O."," WA",41.5,43.8,46.9,50.9,56.6,61.1,65.5,66,61.3,53.4,46,41.3]
["SEATTLE SEA-TAC AP"," WA",40.9,43.3,46.2,50.2,55.8,60.7,65.3,65.599999999999994,61.1,52.7,45.2,40.700000000000003]
["SPOKANE"," WA",27.3,32.5,39.5,46.5,54.4,61.6,68.599999999999994,68.599999999999994,59.2,47.2,34.9,27.2]
["YAKIMA"," WA",29.1,35.200000000000003,42.5,48.7,56.2,62.9,69.099999999999994,68.3,60,48.6,37,28.8]
["GREEN BAY"," WI",15.6,20.5,31.3,44.2,56.4,65.400000000000006,69.900000000000006,67.5,58.8,47.4,34,21.2]
["LA CROSSE"," WI",15.9,22.6,34.6,48.4,60.6,69.599999999999994,74,71.599999999999994,62.7,50.6,35.5,21.8]
["MADISON"," WI",17.3,22.6,33.700000000000003,45.9,57.7,67,71.599999999999994,69.099999999999994,60.7,49.3,35.5,23]
["MILWAUKEE"," WI",20.7,25.4,34.9,45.2,56.1,66.3,72,70.599999999999994,63,51.4,38.4,26.2]
["BECKLEY"," WV",30.4,33.9,42.1,51.5,59.9,67,70.7,69.3,63.1,52.8,43.4,34.799999999999997]
["CHARLESTON"," WV",33.4,36.9,45.3,54.3,62.4,69.900000000000006,73.900000000000006,72.599999999999994,66.2,55.1,45.9,37.5]
["ELKINS"," WV",28.6,31.6,40,48.9,57.9,65.599999999999994,69.599999999999994,68.5,62.1,50.6,41,32.700000000000003]
["HUNTINGTON"," WV",32.700000000000003,36.799999999999997,45.9,55.2,63.6,71.3,75.3,73.900000000000006,66.900000000000006,55.6,45.9,37.1]
["CASPER"," WY",22.3,26.7,35,42.7,52.1,62.7,70,68.599999999999994,57.6,45.7,32,23.8]
["CHEYENNE"," WY",25.9,28.8,34.200000000000003,41.6,51.3,61.5,67.7,65.900000000000006,56.6,45.4,33.299999999999997,27.1]
["LANDER"," WY",20.3,25.6,35.5,43.9,53.4,63.7,70.900000000000006,69.400000000000006,58.7,46.4,30.3,21.3]
["SHERIDAN"," WY",21.3,26.9,35.299999999999997,43.9,52.5,61.6,68.8,68.2,57.1,45.1,31,22.4]
["BETTLES","AK",-11.2,-7.9,4.2,22.4,44.3,57.8,60.2,53.5,41,18.7,-0.8,-7.4]
["BIG DELTA","AK",-2.6,2.2999999999999998,14.2,32.1,47.8,57.5,60.8,55.5,44.4,24.1,6.4,0.1]
["COLD BAY","AK",28.2,27.6,30,33.5,39.799999999999997,45.9,50.6,51.8,47.8,40,34.5,31]
["GULKANA","AK",-4.7,3.2,15.3,31.1,43.9,53.1,57,53.1,43.1,26.4,5.5,-1.6]
["BIRMINGHAM AP","AL",42.6,46.8,54.5,61.3,69.3,76.400000000000006,80.2,79.599999999999994,73.8,62.9,53.1,45.6]
["AUGUSTA","GA",44.8,48.4,55.9,62.4,70.5,77.5,80.8,79.3,73.8,63.1,54.4,46.9]
["HONOLULU","HI",73,73,74.3,75.599999999999994,77.2,79.5,80.8,81.8,81.5,80.2,77.7,74.8]
["DUBUQUE","IA",17,23.1,34.799999999999997,47.5,59.1,68.3,72.3,70,61.8,50.4,35.700000000000003,22.5]
["CHICAGO","IL",22,27,37.299999999999997,47.8,58.7,68.2,73.3,71.7,63.8,52.1,39.299999999999997,27.4]
["GREENSBORO-WNSTN-SALM-HGHPT","NC",37.700000000000003,41.2,49.1,57.6,65.8,73.599999999999994,77.900000000000006,76.2,69.8,58.5,49.2,41]
["ATLANTIC CITY C.O.","NJ",35.200000000000003,36.9,43.3,51.4,60.5,69.400000000000006,75.2,74.8,68.900000000000006,58.5,49,40.200000000000003]
["BURNS","OR",24.4,30,37,43,50.9,58.1,65.900000000000006,64.2,55,44.4,32.700000000000003,24.9]
["CHARLESTON AP","SC",47.9,50.7,57.7,64.2,72.099999999999994,78.2,81.7,80.5,76.099999999999994,66.2,58,50.5]
["CHARLESTON C.O.","SC",49.8,52.4,58.7,65.900000000000006,73.5,79.400000000000006,82.8,81.599999999999994,77.599999999999994,68.5,60.5,52.8]
["BRISTOL-JHNSN CTY-KNGSPRT","TN",34.200000000000003,38,46.5,54.6,63,70.7,74.2,72.8,66.599999999999994,55,45.5,37.299999999999997]
["OAK RIDGE","TN",36.6,40.6,48.8,57.2,65.599999999999994,73.3,77.3,76.2,70,58.4,47.7,39.4]
["GREATER CINCINNATI AP",null,29.7,34.1,43.9,53.7,63.7,72,76.3,74.5,67.400000000000006,55.7,44.7,34.6]
["MIDDLETOWN/HARRISBURG INTL APT",null,30.3,32.799999999999997,41.7,52.1,62,70.7,75.900000000000006,74,66.2,54.5,44.3,34.799999999999997]
["WALLA WALLA WASHINGTON",null,34.700000000000003,39.700000000000003,46.5,52.7,59.8,67.3,75.3,75.2,66.099999999999994,54.7,43.1,35.1]
[]
[]
[null,null,"Wind- Average Wind Speed- (MPH)"]
[null,null,"DATA THROUGH 2001"]
[]
["275 CITIES",null,"JAN","FEB","MAR","APR","MAY","JUN","JUL","AUG","SEP","OCT","NOV","DEC"]
["ABERDEEN"," SD",11.1,11.2,12.1,12.7,12.2,10.5,9.1999999999999993,9.8000000000000007,10.4,10.8,10.9,10.6]
["ABILENE"," TX",11.7,12.5,13.7,13.8,13,12.4,10.8,10.1,10.3,11,11.6,11.7]
["AKRON"," OH",11.6,11.1,11.4,10.8,9.1,8.4,7.6,7.3,8,9.1,10.8,11.3]
["ALAMOSA"," CO",5.5,6.6,8.3000000000000007,10.199999999999999,9.6999999999999993,9,7,6.1,6.4,6.4,5.6,5]
["ALBANY"," NY",9.8000000000000007,10.1,10.6,10.5,9,8.3000000000000007,7.5,7,7.4,8,9.1,9.3000000000000007]
["ALBUQUERQUE"," NM",8,8.8000000000000007,9.9,10.7,10.5,9.8000000000000007,8.9,8.1,8.4,8.1999999999999993,7.9,7.6]
["ALLENTOWN"," PA",10.199999999999999,10.5,11.1,10.4,9,8.1,7.2,6.8,7.3,8,9.1999999999999993,9.5]
["ALPENA"," MI",8.8000000000000007,8.4,8.9,9.1999999999999993,8.3000000000000007,7.5,7,6.7,7.1,7.8,8.5,8.4]
["AMARILLO"," TX",12.8,13.8,15.2,15.2,14.5,14.2,12.7,12,12.8,12.8,13,12.7]
["ANCHORAGE"," AK",6.4,6.8,7.1,7.3,8.5,8.4,7.3,6.9,6.7,6.7,6.4,6.3]
["ANNETTE"," AK",11.7,11.9,10.6,10.7,9,8.5,7.8,8.1,8.9,11.4,11.8,12]
["APALACHICOLA"," FL",8.3000000000000007,8.6999999999999993,8.9,8.5,7.7,7.1,6.4,6.4,7.8,8,8,8]
["ASHEVILLE"," NC",9.3000000000000007,9.1999999999999993,9.1999999999999993,8.6,6.9,5.8,5.8,5.3,5.5,6.6,7.9,8.6]
["ASTORIA"," OR",9.1,9,8.8000000000000007,8.6999999999999993,8.5,8.6,8.6999999999999993,8,7.5,7.5,8.6,9.1]
["ATHENS"," GA",8.4,8.6,8.6999999999999993,8.3000000000000007,7.1,6.6,6.3,5.8,6.4,6.6,7.3,8]
["ATLANTA"," GA",10.4,10.6,10.9,10.1,8.6999999999999993,8.1,7.7,7.3,8,8.5,9.1,9.8000000000000007]
["ATLANTIC CITY AP"," NJ",10.8,11.1,11.8,11.4,10.1,9.1,8.3000000000000007,7.9,8.3000000000000007,8.6999999999999993,9.9,10.3]
["AUGUSTA","GA",6.9,7.5,7.9,7.4,6.4,6,5.8,5.3,5.4,5.6,5.9,6.5]
["AUSTIN/BERGSTROM"," TX",7.1,7.3,8.1,7.3,7.3,6.3,6.2,6,6,6,6.9,7.1]
["AUSTIN/CITY"," TX",9.4,9.8000000000000007,10.4,10.1,9.5,9,8.3000000000000007,7.7,7.7,8,8.6999999999999993,8.9]
["AVOCA"," PA",8.8000000000000007,9,9.4,9.3000000000000007,8.4,7.7,7.2,6.9,7.4,7.7,8.5,8.6999999999999993]
["BAKERSFIELD"," CA",5.2,5.8,6.5,7.1,7.9,7.9,7.2,6.8,6.2,5.5,5.0999999999999996,5]
["BALTIMORE"," MD",9.5,9.9,10.7,10.199999999999999,8.9,8.1999999999999993,7.6,7.5,7.7,8.1,8.8000000000000007,8.9]
["BARROW"," AK",11.9,11.3,11.3,11.5,12,11.5,11.7,12.4,13.2,13.3,12.4,11.7]
["BARTER IS.","AK",15.1,14.4,13.7,12,12.7,11.6,10.9,11.8,13.2,14.8,14.9,13.9]
["BATON ROUGE"," LA",8.6999999999999993,9.1999999999999993,9.1,8.6999999999999993,7.6,6.5,5.9,5.6,6.4,6.6,7.4,8.1]
["BECKLEY"," WV",9.8000000000000007,9.8000000000000007,10.3,9.9,8.4,7.3,6.5,6.2,6.8,7.8,9.1,9.6999999999999993]
["BETHEL"," AK",14.5,14.8,13.8,12.9,11.5,11,10.7,11,11.6,12.3,13.2,13.7]
["BETTLES","AK",5.9,6.3,7.1,7.5,7.2,6.8,6.6,6.2,6.4,6.4,5.8,5.7]
["BIG DELTA","AK",11.1,10,8.6999999999999993,8,8.1999999999999993,6.8,6.1,6.7,7.5,8.6,10,10]
["BILLINGS"," MT",13,12.2,11.4,11.4,10.7,10.1,9.5,9.5,10.199999999999999,11,12.1,13]
["BINGHAMTON"," NY",11.3,11.3,11.5,11.2,9.9,9.3000000000000007,8.4,8.1999999999999993,8.8000000000000007,9.6999999999999993,10.8,11]
["BIRMINGHAM AP","AL",8.1,8.6999999999999993,9,8.1999999999999993,6.8,6,5.7,5.4,6.3,6.2,7.2,7.7]
["BISMARCK"," ND",10,9.9,10.9,11.9,11.6,10.4,9.1999999999999993,9.4,9.9,10,9.9,9.5]
["BLOCK IS.","RI",12.6,12.1,11.8,10.9,10.199999999999999,9.9,9.6,8.1,8,9.3000000000000007,12.6,11.8]
["BLUE CANYON"," CA",7.9,7.8,7.5,6.6,6.6,6.4,5.8,5.9,6.4,6.8,6.6,6.7]
["BLUE HILL"," MA",17.3,17.2,17.3,16.399999999999999,14.6,13.8,12.9,12.6,13.5,15.2,16.2,16.7]
["BOISE"," ID",7.9,8.9,9.9,9.9,9.4,9,8.4,8.1999999999999993,8.1999999999999993,8.3000000000000007,8.4,8.1]
["BOSTON"," MA",13.7,13.8,13.7,13.1,12,11.4,11,10.8,11.3,11.9,12.7,13.4]
["BRIDGEPORT"," CT",12.6,13,13.1,12.5,11.1,9.9,9.4,9.6,10.6,11.3,12.1,12.2]
["BRISTOL-JHNSN CTY-KNGSPRT","TN",6.4,6.6,7.1,6.9,5.3,4.7,4.3,3.9,4.3,4.5999999999999996,5.4,5.8]
["BROWNSVILLE"," TX",11.1,11.9,13.1,13.6,12.9,12,11.3,10.199999999999999,9.3000000000000007,9.4,10.5,10.6]
["BUFFALO"," NY",14,13.3,13.1,12.3,11.4,10.8,10.199999999999999,9.6999999999999993,10.199999999999999,11.1,12.6,13.1]
["BURLINGTON"," VT",9.6999999999999993,9.4,9.4,9.5,9,8.5,8,7.7,8.3000000000000007,8.8000000000000007,9.6,9.9]
["CAIRO","IL",9.8000000000000007,9.8000000000000007,10.6,10.199999999999999,8.1999999999999993,7.4,6.5,6.2,7,7.3,9.1,9.3000000000000007]
["CAPE HATTERAS"," NC",11.8,11.7,11.9,11.7,10.6,10.6,10,9.5,10.3,10.7,10.6,11.2]
["CARIBOU"," ME",11.3,11,11.9,11,10.4,9.4,8.6999999999999993,8.1999999999999993,9.3000000000000007,10.1,10.1,10.5]
["CASPER"," WY",16,14.8,13.4,12.5,11.6,10.9,10.1,10.3,10.9,11.9,14.4,15.9]
["CHARLESTON AP","SC",9.1,9.8000000000000007,10,9.6999999999999993,8.6,8.3000000000000007,7.8,7.4,7.7,8,8.1,8.5]
["CHARLESTON"," WV",7,6.9,7.5,7.1,5.7,5.2,4.8,4.3,4.5999999999999996,4.8,6,6.4]
["CHARLOTTE"," NC",7.8,8.1999999999999993,8.8000000000000007,8.6,7.5,6.9,6.6,6.4,6.6,6.7,6.9,7.3]
["CHATTANOOGA"," TN",6.9,7.3,7.7,7.3,5.9,5.3,5,4.5999999999999996,4.9000000000000004,4.9000000000000004,6,6.4]
["CHEYENNE"," WY",15.2,14.6,14.4,14.1,12.6,11.4,10.4,10.4,11.2,12.3,13.5,14.7]
["CHICAGO","IL",11.6,11.4,11.8,11.9,10.5,9.3000000000000007,8.4,8.1999999999999993,8.9,10.1,11.1,11]
["CHUUK"," E. CAROLINE IS.",10.9,11.3,10.9,9.9,8.8000000000000007,7.5,7.3,7.6,7.8,7.8,8.1,9.8000000000000007]
["CLAYTON"," NM",11.9,12.1,12.9,14.3,12.9,12.7,11.2,9.9,11.2,11.8,11.8,12.2]
["CLEVELAND"," OH",12.2,11.8,12,11.5,10,9.1999999999999993,8.6,8.1999999999999993,8.9,9.9,11.8,12]
["COLD BAY","AK",17.5,17.899999999999999,17.399999999999999,17.5,16.100000000000001,15.8,15.6,16.3,16.2,16.600000000000001,17.600000000000001,17.600000000000001]
["COLORADO SPRINGS"," CO",9.4,10,11.1,11.6,11.2,10.4,9.3000000000000007,8.9,9.4,9.6,9.5,9.4]
["COLUMBIA"," MO",10.7,10.8,11.7,11.5,9.1,8.6999999999999993,8.1999999999999993,7.9,8.6,9.3000000000000007,10.6,10.6]
["COLUMBIA"," SC",7.2,7.7,8.1999999999999993,8.1999999999999993,7,6.6,6.3,5.8,6,6.1,6.3,6.7]
["COLUMBUS"," GA",7.3,7.7,8,7.2,6.6,6.1,5.8,5.5,6.4,6.3,6.4,6.9]
["COLUMBUS"," OH",9.8000000000000007,9.6,10.1,9.6,8.1,7.2,6.5,6.2,6.4,7.4,9.1,9.4]
["CONCORD"," NH",7.2,7.9,8.1,7.8,7,6.5,5.7,5.4,5.6,6,6.6,7]
["CONCORDIA"," KS",11.7,12.1,13.4,13.8,12.1,11.7,11.3,10.9,11.2,11.7,11.9,11.6]
["CORPUS CHRISTI"," TX",12,12.9,14,14.3,12.8,11.7,11.5,11,10.4,10.4,11.7,11.6]
["DALLAS-FORT WORTH"," TX",11,11.7,12.6,12.4,11.1,10.6,9.8000000000000007,8.9,9.3000000000000007,9.6999999999999993,10.7,10.8]
["DALLAS-LOVE FIELD"," TX",8.9,10.4,9.1999999999999993,11.1,11.8,10.5,9.6,8.3000000000000007,8.1999999999999993,9.5,8.5,9.1]
["DAYTON"," OH",11.4,11.3,11.7,11.3,9.6999999999999993,8.8000000000000007,7.9,7.3,8.1,9,11,11.1]
["DAYTONA BEACH"," FL",8.8000000000000007,9.3000000000000007,9.9,9.5,8.9,8,7.3,7,8,9,8.3000000000000007,8.3000000000000007]
["DEL RIO"," TX",8.6,9.1999999999999993,10.7,10.9,10.7,11.3,10.8,9.9,8.9,8.9,8.1,8.1999999999999993]
["DENVER"," CO",8.6,8.6999999999999993,9.6,10,9.3000000000000007,8.8000000000000007,8.3000000000000007,8,7.9,7.8,8.1999999999999993,8.4]
["DES MOINES"," IA",11.4,11.2,12.4,12.6,11,10.1,8.9,8.6,9.4,10.3,11.3,11.1]
["DETROIT"," MI",11.9,11.4,11.7,11.3,10.1,9.1999999999999993,8.5,8.1,8.6999999999999993,9.6999999999999993,11.2,11.3]
["DODGE CITY"," KS",13.5,13.9,15.5,15.5,14.6,14,13.1,12.5,13.5,13.5,13.7,13.4]
["DULUTH"," MN",11.6,11.3,11.8,12.3,11.6,10.4,9.4,9.4,10.3,11.2,11.6,11.2]
["EL PASO"," TX",8.3000000000000007,9.1,10.9,11,10.3,9.3000000000000007,8.3000000000000007,7.7,7.6,7.5,8,7.9]
["ELKINS"," WV",7.1,7.5,7.8,7.5,6.2,4.5,4,3.9,4.0999999999999996,4.5999999999999996,6.3,6.4]
["ELKO"," NV",5.2,5.7,6.6,7.2,6.8,6.7,6.2,5.9,5.4,5,5.0999999999999996,5]
["ELY"," NV",10.1,10.3,10.7,10.9,10.7,10.6,10.3,10.4,10.3,10,9.9,9.9]
["ERIE"," PA.",13.1,12,11.9,11.2,9.9,9.6,9,9,9.9,11.1,12.8,13]
["EUGENE"," OR",7.8,7.8,8.1999999999999993,7.7,7.4,7.6,8,7.6,7.4,6.7,7.4,7.6]
["EUREKA"," CA.",6.9,7.2,7.6,8,7.9,7.4,6.8,5.8,5.5,5.6,6,6.4]
["EVANSVILLE"," IN",9.1999999999999993,9.3000000000000007,10,9.6,7.9,7.1,6.2,5.8,6.4,6.9,8.6999999999999993,8.9]
["FAIRBANKS"," AK",3,3.9,5.3,6.6,7.7,7.1,6.6,6.1,6.1,5.3,3.8,3.1]
["FARGO"," ND",12.6,12.4,13.1,13.6,12.9,11.6,10.5,11,11.8,12.5,12.8,12.2]
["FLAGSTAFF"," AZ",6.5,6.6,7.1,7.6,7.3,7,5.5,5,5.6,5.8,6.6,6.6]
["FLINT"," MI",11.8,11.2,11.8,11.5,10.1,9,8.1,7.8,8.8000000000000007,9.8000000000000007,11.2,11.3]
["FORT MYERS"," FL",8.3000000000000007,8.9,9.3000000000000007,8.8000000000000007,8,7.2,6.6,6.7,7.4,8.4,8.1,7.9]
["FORT SMITH"," AR",8.1999999999999993,8.5,9.4,8.9,7.7,6.7,6.3,6.3,6.6,6.8,7.8,8.1]
["FORT WAYNE"," IN",11.5,11,11.7,11.6,10,8.9,8,7.3,8.1999999999999993,9.1,10.9,11.1]
["FRESNO"," CA",5.2,5.7,6.7,7.4,8.1,8.3000000000000007,7.4,6.8,6.1,5.2,4.7,4.9000000000000004]
["GAINESVILLE"," FL",7,7.5,7.9,7.3,6.9,6.1,5.7,5.4,5.8,6.4,6.2,6]
["GALVESTON"," TX",11.6,11.8,11.9,12.1,11.5,10.7,9.8000000000000007,9.4,10.1,10.3,11.2,11.3]
["GLASGOW"," MT",9.8000000000000007,10.1,11.2,12.3,12.1,11.1,10.5,10.9,10.9,10.6,9.5,9.8000000000000007]
["GOODLAND"," KS",12.4,12.4,14,14.4,13.5,12.7,11.9,11.5,12,11.9,11.9,11.9]
["GRAND FORKS"," ND",11,11.3,10.7,10.9,11,10,8.1999999999999993,8.6999999999999993,9.1999999999999993,10.7,10.4,10.7]
["GRAND ISLAND"," NE",11.7,11.7,13.1,14,12.6,11.8,10.5,10.3,11,11.2,11.8,11.6]
["GRAND JUNCTION"," CO",5.7,6.7,8.4,9.4,9.6,9.8000000000000007,9.4,9.1,9,7.9,6.8,6]
["GRAND RAPIDS"," MI",11.4,10.6,11.1,11,9.6999999999999993,8.9,8.3000000000000007,7.9,8.3000000000000007,9.4,10.5,10.7]
["GREAT FALLS"," MT",14.9,13.9,12.8,12.6,11.3,11.1,10,10.1,11.2,13,14.5,15.3]
["GREATER CINCINNATI AP",null,10.4,10.4,11,10.6,8.6999999999999993,7.9,7.2,6.8,7.4,8.1,9.6999999999999993,10]
["GREEN BAY"," WI",10.8,10.5,10.7,11.2,10,9.1,8.1999999999999993,7.9,8.9,9.8000000000000007,10.8,10.3]
["GREENSBORO-WNSTN-SALM-HGHPT","NC",8.1,8.5,9.1,8.8000000000000007,7.6,6.9,6.5,6.2,6.6,7,7.5,7.6]
["GREENVILLE-SPARTANBURG AP"," SC",7.6,8,8.3000000000000007,8,7,6.5,6.1,5.7,6.2,6.5,6.8,7.4]
["GUAM"," PC",9.6999999999999993,11.4,10.6,10.8,9.6,8.1999999999999993,6.7,6.7,6.2,7.4,9.5,11.1]
["GULKANA","AK",5.0999999999999996,5,6.5,8.6,8.8000000000000007,8.1999999999999993,7.6,7.7,7.3,6,4.0999999999999996,3.5]
["HARRISBURG"," PA",8.1999999999999993,9,9.5,9.1,7.6,6.8,6.2,5.8,6,6.6,7.8,8]
["HARTFORD"," CT",8.9,9.4,9.9,9.8000000000000007,8.6999999999999993,8,7.3,7,7.3,7.8,8.4,8.6999999999999993]
["HAVRE"," MT",8.8000000000000007,7.9,10.4,11.4,12.1,10.9,9.9,9,9.6999999999999993,9.8000000000000007,10,10.9]
["HELENA"," MT",6.7,7.3,8.1999999999999993,9.1,8.8000000000000007,8.5,7.8,7.4,7.4,7.1,7.1,6.7]
["HILO"," HI",7.4,7.7,7.7,7.5,7.4,7.1,6.9,6.8,6.8,6.7,6.8,7.2]
["HOMER"," AK",7.9,7.7,7.9,8.1,8.3000000000000007,7.8,7.1,6.7,7.1,7.3,7.7,7.9]
["HONOLULU","HI",9.4,10.1,11.3,11.7,11.6,12.6,13.1,12.8,11.2,10.5,10.7,10.4]
["HOUGHTON LAKE"," MI",9.6999999999999993,9.1,9.1,9.5,8.8000000000000007,7.8,7.5,7,7.8,8.9,9.6,9.3000000000000007]
["HOUSTON"," TX",8.1,8.6,9.1,9,8.1,7.4,6.7,6.1,6.5,6.9,7.6,7.7]
["HUNTINGTON"," WV",7.5,7.6,8,7.7,6.2,5.7,5.3,5.0999999999999996,5.3,5.8,6.8,7.3]
["HUNTSVILLE"," AL",9.1,9.4,9.8000000000000007,9.1999999999999993,7.9,6.9,6.1,5.8,6.7,7.3,8.1,9]
["HURON"," SD",11.4,11.3,12.3,13.2,12.3,11.2,10.3,10.4,11.1,11.3,11.7,11.1]
["INDIANAPOLIS"," IN",10.9,10.8,11.6,11.2,9.6,8.5,7.5,7.2,7.9,8.9,10.5,10.5]
["INTERNATIONAL FALLS"," MN",8.9,8.8000000000000007,9.4,9.9,9.4,8.5,7.7,7.5,8.5,9.3000000000000007,9.4,8.8000000000000007]
["ISLIP"," NY",9.6,10.1,10.5,9.8000000000000007,8.9,8.4,7.6,7.4,7.7,8.1999999999999993,9.3000000000000007,9.3000000000000007]
["JACKSON"," KY",7.4,7.4,7.7,7.8,6.1,5.4,5.0999999999999996,4.7,5.4,6.1,7.1,7.2]
["JACKSON"," MS",8.1999999999999993,8.4,8.6999999999999993,8.1,6.8,6.1,5.3,5.3,6.1,6.2,6.9,7.8]
["JACKSONVILLE"," FL",8.1,8.6999999999999993,9.1,8.5,7.9,7.7,7,6.7,7.4,7.9,7.6,7.6]
["JOHNSTON ISLAND"," PC",14.4,15.8,16.899999999999999,16.7,15.9,16.100000000000001,16,15.4,14.4,15,16,16.899999999999999]
["JUNEAU"," AK",8.1,8.1999999999999993,8.4,8.6,8.3000000000000007,7.7,7.5,7.4,8,9.5,8.4,8.9]
["KAHULUI"," HI",10.8,11.2,12.3,13.5,13.1,14.9,15.5,14.7,13,12.2,11.9,11.3]
["KALISPELL"," MT",5.6,5.6,6.7,7.7,7.4,6.9,6.3,6.3,6.1,5.0999999999999996,5.3,5.2]
["KANSAS CITY"," MO",11.1,11.1,12.3,12.3,10.3,9.9,9.1999999999999993,8.8000000000000007,9.6,10.6,11.3,10.9]
["KEY WEST"," FL",11.8,12,12.1,12.2,10.5,9.6,9.4,9.1999999999999993,9.6,10.9,12,11.8]
["KING SALMON"," AK",10.5,11,11.4,10.9,11.1,10.6,9.9,10.1,10.4,10.3,10.4,10.199999999999999]
["KNOXVILLE"," TN",7.7,8,8.4,8.4,6.8,6.3,6,5.5,5.6,5.7,6.7,7.2]
["KODIAK"," AK",12.7,12.5,12.5,11.6,10.7,9.3000000000000007,7.7,8.4,9.6999999999999993,11.4,12.5,12.7]
["KOROR"," PC",7.8,7.9,7.7,7.1,6.3,5.9,6.3,6.7,6.5,6.7,6.2,6.9]
["KOTZEBUE"," AK",14,13,11.9,12,10.7,11.9,12.7,13.2,13.2,13.5,14.4,12.9]
["LA CROSSE"," WI",8.6999999999999993,8.6999999999999993,9.3000000000000007,10.4,9.4,8.4,7.6,7.5,8.1999999999999993,9.3000000000000007,9.8000000000000007,8.9]
["LAKE CHARLES"," LA",9.8000000000000007,10,10.199999999999999,9.9,8.6,7.5,6.2,6.1,7.1,7.8,8.8000000000000007,9.3000000000000007]
["LANDER"," WY",5.9,5.9,7,7.8,7.8,7.8,7.5,7.4,6.9,6,5.6,5.6]
["LANSING"," MI",11.7,10.9,11.2,11.1,9.9,8.8000000000000007,8,7.5,8.1999999999999993,9.4,10.7,11]
["LAS VEGAS"," NV",7.4,8.5,10.1,11,11.1,11.1,10.3,9.6,9,8.1,7.8,7.3]
["LEXINGTON"," KY",10.6,10.6,10.9,10.4,8.6,7.9,7.2,6.8,7.6,8.1,9.9,10.3]
["LIHUE"," HI",11.1,11.6,12.7,13.6,12.8,13.2,13.7,13.1,11.7,11.8,12.4,12]
["LINCOLN"," NE",9.6,10,11.3,12.1,10.5,9.6999999999999993,9.3000000000000007,9.1,9.5,9.9,10,9.6999999999999993]
["LITTLE ROCK"," AR",8.4,8.9,9.6,9,7.6,7.1,6.7,6.3,6.6,6.8,8,8.1]
["LONG BEACH"," CA",5.3,6.1,6.7,7.4,7.1,7,6.8,6.6,6.2,5.6,5.2,5]
["LOS ANGELES AP"," CA",6.7,7.4,8.1,8.5,8.4,8,7.9,7.7,7.3,6.9,6.7,6.6]
["LOS ANGELES C.O."," CA",6.4,6.6,6.6,6.4,6.1,5.5,5.0999999999999996,5,5.2,5.3,5.8,6]
["LOUISVILLE"," KY",9.5,9.5,10.1,9.6999999999999993,8,7.4,6.8,6.4,6.8,7.2,8.9,9.1]
["LUBBOCK"," TX",12,13.2,14.6,14.7,14.2,13.6,11.4,10.1,10.5,11.2,11.7,11.8]
["LYNCHBURG"," VA",8.1,8.1,8.6,8.5,7.1,6.4,6,5.7,6.3,6.6,7.3,7.2]
["MACON"," GA",8,8.4,8.8000000000000007,8.4,7.4,7,6.7,6.2,6.7,6.5,6.9,7.5]
["MADISON"," WI",10.3,10.3,10.9,11.3,10,9,8,7.9,8.4,9.5,10.4,9.8000000000000007]
["MANSFIELD"," OH",12.7,11.9,11.8,11.5,9.9,9.1999999999999993,7.9,7.8,8.6,10,11.1,11.8]
["MCGRATH"," AK",3.2,4.2,5.3,6.5,6.7,6.4,5.9,5.8,5.9,5.4,3.7,3.2]
["MEDFORD"," OR",4.0999999999999996,4.5,5.2,5.6,5.7,5.9,5.8,5.3,4.5,3.7,3.6,3.7]
["MEMPHIS"," TN",10,10.1,10.7,10.199999999999999,8.8000000000000007,7.9,7.5,6.9,7.5,7.7,9,9.6]
["MERIDIAN"," MS",7.1,7.5,7.9,7.1,6,5.2,4.9000000000000004,4.5999999999999996,5.3,5.2,6.1,6.9]
["MIAMI"," FL",9.5,10,10.5,10.5,9.5,8.3000000000000007,7.9,7.9,8.1999999999999993,9.1999999999999993,9.6999999999999993,9.1]
["MIDDLETOWN/HARRISBURG INTL APT",null,8.6,9.1,9.8000000000000007,9.3000000000000007,7.8,6.9,6.3,5.9,6.1,6.6,7.9,8.1]
["MIDLAND-ODESSA"," TX",10.4,11.2,12.5,12.8,12.5,12.3,10.8,10.1,10.1,10.1,10.4,10.1]
["MILWAUKEE"," WI",12.6,12.3,12.7,12.8,11.5,10.4,9.6999999999999993,9.5,10.4,11.4,12.5,12.2]
["MINNEAPOLIS-ST.PAUL"," MN",10.5,10.4,11.3,12.2,11.1,10.4,9.4,9.1999999999999993,10,10.6,11,10.4]
["MISSOULA"," MT",5.0999999999999996,5.6,6.7,7.6,7.4,7.2,6.9,6.7,6,5.0999999999999996,5.0999999999999996,4.8]
["MOBILE"," AL",10.1,10.3,10.7,10.1,8.6999999999999993,7.5,6.9,6.7,7.7,8,8.9,9.6]
["MOLINE"," IL",10.7,10.6,11.7,11.8,10.1,8.8000000000000007,7.5,7.1,8,9.1999999999999993,10.6,10.3]
["MONTGOMERY"," AL",7.7,8.1999999999999993,8.3000000000000007,7.3,6.1,5.8,5.7,5.2,5.9,5.7,6.5,7.1]
["MOUNT SHASTA"," CA",5,5.2,5.8,6.2,5.4,5.4,4.4000000000000004,4.2,4.5999999999999996,4.2,5.2,5.4]
["MT. WASHINGTON"," NH",46.1,44.3,41.3,35.799999999999997,29.6,27.3,25.3,24.7,28.8,33.799999999999997,39.5,44.5]
["MUSKEGON"," MI",12.2,11.6,11.6,11.5,9.9,9.3000000000000007,8.8000000000000007,8.6,9.3000000000000007,10.7,11.9,11.7]
["NASHVILLE"," TN",9.1,9.3000000000000007,9.9,9.1999999999999993,7.6,7,6.5,6.2,6.5,6.8,8.4,8.9]
["NEW ORLEANS"," LA",9.3000000000000007,9.8000000000000007,9.9,9.4,8.1,6.8,6.1,5.9,7.3,7.6,8.6999999999999993,9]
["NEW YORK (JFK AP)"," NY",13,13.3,13.5,12.7,11.6,10.7,10.199999999999999,10,10.4,11,12.2,12.7]
["NEW YORK (LAGUARDIA AP)"," NY",13.7,13.8,13.9,12.9,11.6,11,10.4,10.3,11,11.6,12.8,13.4]
["NEW YORK C.PARK"," NY",10.6,10.7,11,10.3,8.8000000000000007,8.1,7.6,7.5,8.1,8.8000000000000007,9.8000000000000007,10.1]
["NEWARK"," NJ",11.2,11.5,11.9,11.2,10,9.5,8.9,8.6999999999999993,9,9.4,10.199999999999999,10.8]
["NOME"," AK",10.8,11,10.1,10.1,9.9,9.6999999999999993,9.6999999999999993,10.4,11,10.5,11.5,10.3]
["NORFOLK"," NE",11.6,11.5,12.5,13.1,11.5,10.7,9.6999999999999993,9.5,10.3,11,11.5,11.4]
["NORFOLK"," VA",11.4,11.8,12.3,11.8,10.4,9.6999999999999993,8.9,8.8000000000000007,9.6,10.199999999999999,10.3,10.9]
["NORTH PLATTE"," NE",9.1999999999999993,9.8000000000000007,11.5,12.6,11.5,10.4,9.5,9.1999999999999993,9.6999999999999993,9.6,9.5,9.1]
["OAK RIDGE","TN",4.5999999999999996,4.7,5,5.4,4.2,3.9,3.6,3.3,3.4,3.2,3.8,4.2]
["OKLAHOMA CITY"," OK",12.5,13.1,14.3,14.2,12.5,11.8,10.9,10.4,10.8,11.8,12.4,12.3]
["OLYMPIA"," WA",7,7,7.2,7.3,6.9,6.7,6.2,6,5.7,5.8,6.8,7.1]
["OMAHA (NORTH)"," NE",9.9,9.1999999999999993,10.5,10.199999999999999,8.9,8.3000000000000007,7.5,7.6,8.6,9,9.6999999999999993,9.8000000000000007]
["OMAHA EPPLEY AP"," NE",10.9,11.1,12.2,12.6,10.9,10.1,8.8000000000000007,8.8000000000000007,9.4,9.8000000000000007,10.9,10.7]
["ORLANDO"," FL",9,9.6,9.9,9.4,8.8000000000000007,8,7.3,7.2,7.6,8.6,8.6,8.5]
["PADUCAH KY",null,8.9,9,9.5,9,7.4,6.3,5.8,5.0999999999999996,5.7,6.6,8.3000000000000007,8.4]
["PENDLETON"," OR",7.6,8.1999999999999993,9.1,9.8000000000000007,9.5,9.5,9,8.6,8.3000000000000007,7.6,7.8,7.8]
["PENSACOLA"," FL",9,9.3000000000000007,9.8000000000000007,9.5,8.6,7.6,7,6.7,7.6,7.9,8.1999999999999993,8.8000000000000007]
["PEORIA"," IL",10.9,10.9,11.7,11.6,9.9,8.9,7.8,7.3,8.3000000000000007,9.3000000000000007,10.7,10.6]
["PHILADELPHIA"," PA",10.3,10.9,11.3,10.8,9.5,8.8000000000000007,8.1999999999999993,8,8.3000000000000007,8.8000000000000007,9.6,10]
["PHOENIX"," AZ",5.3,5.8,6.6,6.9,7,6.7,7.1,6.6,6.3,5.8,5.3,5.0999999999999996]
["PITTSBURGH"," PA",10.4,10.3,10.6,10.199999999999999,8.6999999999999993,8,7.3,6.8,7.4,8.3000000000000007,9.6999999999999993,10.1]
["POCATELLO"," ID",10.5,10.6,11.1,11.6,10.5,10.1,9.1,8.9,9,9.5,10.199999999999999,9.9]
["PORT ARTHUR"," TX",10.7,11.2,11.5,11.5,10.1,8.6999999999999993,7.4,7.1,8.1999999999999993,8.8000000000000007,9.9,10.3]
["PORTLAND"," ME",9,9.4,10,9.9,9.1,8.1999999999999993,7.6,7.5,7.8,8.4,8.8000000000000007,9]
["PORTLAND"," OR",9.9,9.3000000000000007,8.3000000000000007,7.4,7.1,7.2,7.6,7.1,6.5,6.5,8.6,9.6]
["PROVIDENCE"," RI",11,11.4,11.9,11.8,10.6,9.9,9.4,9.1999999999999993,9.3000000000000007,9.5,10.199999999999999,10.5]
["PUEBLO"," CO",7.8,8.5,9.6,10.3,9.6999999999999993,9.3000000000000007,8.6999999999999993,7.9,7.9,7.4,7.5,7.7]
["QUILLAYUTE"," WA",6.7,6.8,6.6,6.2,5.9,5.7,5.4,5.0999999999999996,4.8,5.4,6.3,6.5]
["RALEIGH"," NC",8.3000000000000007,8.6,9.3000000000000007,8.8000000000000007,7.7,7,6.7,6.3,6.7,6.6,7.1,7.7]
["RAPID CITY"," SD",10.7,11.1,12.5,13.1,12.2,10.9,10.1,10.199999999999999,11,11.2,10.9,10.5]
["REDDING"," CA",6.3,7.2,7.3,7.1,7.3,7.5,6.6,6.1,6,6,5.7,6.3]
["RENO"," NV",5.6,6.2,7.8,8.1999999999999993,8,7.7,7.2,6.6,5.8,5.4,5.5,5.3]
["RICHMOND"," VA",8.1,8.6,9.1,9,7.9,7.4,6.9,6.5,6.7,7,7.6,7.8]
["ROANOKE"," VA",9.3000000000000007,9.4,10,9.6,7.8,6.8,6.5,6.1,6,6.8,8.1,8.6]
["ROCHESTER"," MN",14.2,13.7,14.1,14.3,13.2,12.1,10.8,10.5,11.6,12.8,13.7,13.7]
["ROCHESTER"," NY",11.6,11.1,11,10.7,9.3000000000000007,8.6,8,7.7,8.1,8.8000000000000007,10.199999999999999,10.7]
["ROCKFORD"," IL",10.5,10.6,11.6,11.8,10.4,9.3000000000000007,8.1,7.7,8.4,9.5,10.6,10.4]
["ROSWELL"," NM",7.7,8.6,10.1,10.199999999999999,9.9,9.6,8.6,7.9,8,7.9,7.7,7.6]
["SACRAMENTO"," CA",7.2,7.4,8.4,8.6,9,9.6,8.9,8.4,7.4,6.4,6,6.4]
["SAINT CLOUD"," MN",8.4,8.1999999999999993,9,9.8000000000000007,9.1,8.1999999999999993,7.1,6.4,7.2,8.4,8.6,8.1999999999999993]
["SALEM"," OR",7.9,7.8,7.8,7.2,6.7,6.6,6.7,6.3,6.1,6,7.4,7.8]
["SALT LAKE CITY"," UT",7.5,8.1,9.3000000000000007,9.6,9.4,9.4,9.5,9.6999999999999993,9.1,8.5,8,7.6]
["SAN ANGELO"," TX",10.199999999999999,10.8,12,12.1,11.1,10.8,9.8000000000000007,8.9,8.9,9.3000000000000007,10,9.9]
["SAN ANTONIO"," TX",8.8000000000000007,9.3000000000000007,10.1,10.1,9.8000000000000007,9.6999999999999993,9.1,8.4,8.3000000000000007,8.3000000000000007,8.6,8.4]
["SAN DIEGO"," CA",6,6.6,7.5,7.8,7.9,7.8,7.5,7.4,7.1,6.5,5.9,5.6]
["SAN FRANCISCO AP"," CA",7.2,8.6,10.5,12.2,13.4,14,13.6,12.8,11.1,9.4,7.5,7.1]
["SAN FRANCISCO C.O."," CA",6.7,7.5,8.5,9.5,10.4,10.9,11.2,10.5,9.1,7.6,6.3,6.5]
["SAN JUAN"," PR",8.4,8.6999999999999993,9.1,8.9,8.4,9,9.6999999999999993,8.9,7.6,6.7,7.4,8]
["SANTA BARBARA"," CA",5.2,6,6.7,7.6,7,6.7,6.5,6.1,5.5,5.5,5.3,4.4000000000000004]
["SANTA MARIA"," CA",6.5,7.3,8.1,8,8.1999999999999993,7.8,6.5,6.3,5.9,6.1,6.4,6.3]
["SAULT STE. MARIE"," MI",9.6,9.3000000000000007,10,10.3,9.6999999999999993,8.5,7.8,7.7,8.6,9.1999999999999993,9.6999999999999993,9.6]
["SAVANNAH"," GA",8.3000000000000007,8.6999999999999993,9.1,8.6,7.6,7.4,6.9,6.7,7.2,7.3,7.3,7.6]
["SCOTTSBLUFF"," NE",10.6,11.1,12,12.5,11.8,10.5,9.3000000000000007,8.9,9.4,9.6999999999999993,10.199999999999999,10.4]
["SEATTLE SEA-TAC AP"," WA",9.5,9.4,9.4,9.4,8.9,8.6,8.1,7.8,8,8.4,9.1999999999999993,9.6]
["SEXTON SUMMIT"," OR",12.8,12.5,11.5,10.4,10.199999999999999,10.9,11.6,10.7,10.9,11.7,14,13.2]
["SHERIDAN"," WY",7.7,7.8,8.9,9.8000000000000007,9,8.1,7.3,7.4,7.5,7.5,7.6,7.6]
["SHREVEPORT"," LA",9.1999999999999993,9.6,10,9.6,8.3000000000000007,7.6,7.1,6.6,7.2,7.4,8.3000000000000007,8.8000000000000007]
["SIOUX CITY"," IA",11.4,11.2,12.3,13.2,11.8,10.7,9.1999999999999993,9.1,9.9,10.5,11.4,11]
["SIOUX FALLS"," SD",10.9,11.1,12.2,12.9,11.8,10.7,9.8000000000000007,9.8000000000000007,10.3,10.7,11.4,10.7]
["SOUTH BEND"," IN",11.9,11.2,11.9,11.6,10.199999999999999,9.1,8.1,7.7,8.5,9.5,11,11.2]
["SPOKANE"," WA",8.6999999999999993,9.1999999999999993,9.6999999999999993,10,9.1999999999999993,9.3000000000000007,8.6,8.3000000000000007,8.1999999999999993,8.1999999999999993,8.6,8.6999999999999993]
["SPRINGFIELD"," IL",12.2,12.2,13.2,13,11.1,9.6,8.3000000000000007,7.9,8.8000000000000007,10.199999999999999,12.2,12]
["SPRINGFIELD"," MO",11.4,11.5,12.5,12,10.199999999999999,9.3000000000000007,8.4,8.4,9.1,10.1,11,11.2]
["ST. LOUIS"," MO",10.6,10.8,11.6,11.3,9.4,8.8000000000000007,8,7.6,8.1999999999999993,8.9,10.199999999999999,10.3]
["ST. PAUL ISLAND"," AK",19.899999999999999,20.2,18.899999999999999,17.399999999999999,14.9,13.7,12.2,13.8,15.4,17.399999999999999,20.2,20.3]
["STOCKTON"," CA",6.7,7,7.7,8.4,9.1999999999999993,9.1999999999999993,8.1999999999999993,7.7,7.1,6.4,5.8,6.4]
["SYRACUSE"," NY",10.6,10.6,10.7,10.4,9,8.3000000000000007,7.9,7.6,8.1999999999999993,8.6999999999999993,10.199999999999999,10.3]
["TALKEETNA"," AK",6.2,5.5,5.5,4.7,4.9000000000000004,5.0999999999999996,4.2,3.7,3.7,3.8,5,5]
["TALLAHASSEE"," FL",6.7,7.1,7.5,6.8,6.2,5.7,5,5,5.9,6.3,5.9,6.3]
["TAMPA"," FL",8.6,9.1,9.4,9.1999999999999993,8.6,7.9,7.1,6.9,7.6,8.4,8.1999999999999993,8.3000000000000007]
["TOLEDO"," OH",11,10.5,11,10.9,9.5,8.4,7.5,7.1,7.7,8.8000000000000007,10.199999999999999,10.4]
["TOPEKA"," KS",9.6999999999999993,10.199999999999999,11.5,11.7,10.199999999999999,9.4,8.4,8,8.5,9.1,9.8000000000000007,9.6]
["TUCSON"," AZ",7.9,8.1,8.6,8.9,8.8000000000000007,8.6999999999999993,8.4,7.9,8.3000000000000007,8.1999999999999993,8.1,7.8]
["TULSA"," OK",10.3,10.7,11.9,11.9,10.6,9.9,9.3000000000000007,8.8000000000000007,9.1,9.6,10.3,10.1]
["TUPELO"," MS",7.6,8.1999999999999993,8.3000000000000007,7.8,6.6,5.7,5.4,5.2,6.1,6,6.9,7.5]
["VALDEZ"," AK",7.5,7.8,6.5,5.0999999999999996,5.8,5.9,4.9000000000000004,4.2,4.3,6.4,7.7,7.1]
["VALENTINE"," NE",9.3000000000000007,9.3000000000000007,10.4,11.1,11,9.9,9,9.1,9.6,9.5,9.6999999999999993,9.1999999999999993]
["VERO BEACH"," FL",8.8000000000000007,9,10,9.5,9,7.7,7,6.5,7.3,8.6999999999999993,8.6999999999999993,8]
["VICTORIA"," TX",10.4,10.9,11.4,11.7,10.7,9.6999999999999993,8.9,8.3000000000000007,8.5,8.9,9.6,10]
["WACO"," TX",11.3,11.7,12.7,12.6,11.5,11.1,10.7,9.8000000000000007,9.6,10,10.8,10.9]
["WAKE ISLAND"," PC",13.6,13.5,14.5,15.6,14.3,12.6,12.6,12,12.4,14,16,14.9]
["WASHINGTON DULLES AP"," D.C.",8.1,8.6,9,8.8000000000000007,7.4,6.8,6.2,5.8,6.2,6.6,7.6,7.7]
["WASHINGTON NAT'L AP"," D.C.",10,10.3,10.9,10.5,9.3000000000000007,8.9,8.3000000000000007,8.1,8.3000000000000007,8.6999999999999993,9.4,9.6]
["WATERLOO"," IA",11.4,11.4,12.1,12.6,11.1,9.8000000000000007,8.4,8.3000000000000007,9,10.199999999999999,11,11]
["WEST PALM BEACH"," FL",10.1,10.5,11,10.9,9.9,8.3000000000000007,7.7,7.7,8.6999999999999993,10.1,10.4,10]
["WICHITA FALLS"," TX",11.3,11.9,13.1,13.1,12.2,12.1,11.1,10.3,10.4,10.7,11.4,11.1]
["WICHITA"," KS",12,12.5,13.8,14,12.3,12.2,11.3,11.1,11.6,11.9,12.2,11.8]
["WILLIAMSPORT"," PA",8.6999999999999993,8.6999999999999993,9,8.9,7.7,6.8,6.3,5.9,6.1,6.6,7.9,8.1999999999999993]
["WILLISTON"," ND",9.5,9.6999999999999993,10.1,11,11.1,10.3,9.3000000000000007,9.4,9.6999999999999993,9.9,9,9.4]
["WILMINGTON"," DE",9.8000000000000007,10.3,11,10.4,9,8.3000000000000007,7.8,7.4,7.8,8.1,9.1999999999999993,9.3000000000000007]
["WILMINGTON"," NC",9,9.6,10,10.1,9.1,8.4,7.9,7.3,7.8,7.9,8.1,8.4]
["WINNEMUCCA"," NV",7.6,8,8.6,8.6,8.6,8.5,8.4,7.8,7.6,7.3,7.2,7.4]
["WINSLOW"," AZ",7.1,8.5,10.3,11.3,10.7,10.6,9,8.4,8.1,7.6,7.3,6.7]
["WORCESTER"," MA",11.7,11.6,11.5,11,10,8.9,8.4,8.3000000000000007,8.6,9.4,10.4,10.9]
["YAKIMA"," WA",5.6,6.4,7.9,8.6,8.5,8.1999999999999993,7.8,7.4,7.3,6.6,5.8,5.0999999999999996]
["YAKUTAT"," AK",7.2,7.4,7.1,7.2,7.5,6.9,6.6,6.3,7,7.9,7.2,7.9]
["YOUNGSTOWN"," OH",11.4,11.1,11.3,10.8,9.4,8.4,7.7,7.4,8.1,9.1999999999999993,10.8,11.1]
["YUMA"," AZ",7.3,7.4,7.9,8.3000000000000007,8.3000000000000007,8.5,9.5,8.9,7.3,6.6,6.9,7.2]

{"sheet":"MACHCOST2","index":10,"n_rows":70,"n_cols":8,"rows_kept":70,"cut":false,"hidden":true,"merged":[]}
[]
["Machinery and Equipment Cost Worksheet"]
[null,"Shaded Numbers are Calculated, Others Must be Entered"]
["Development of this tool was funded by USDA RMA under award number: RM17RMEPP522C044/4500075419"]
[]
["CALCULATION OF HOURS OF USE",null,null,null,null,null,"Post Harvest","Power Unit"]
[null,null,"MACHINE NAME OR DESCRIPTION",null,null,null,{"$f":"'Questions - Equipment'!#REF!","v":{"$error":"#REF!"}},{"$f":"'Questions - Equipment'!#REF!","v":{"$error":"#REF!"}}]
["Speed of Implement or Powered Equipment in MPH",null,null,null,null,null,null,{"$f":"'Questions - Equipment'!#REF!","v":{"$error":"#REF!"}}]
["Width of Implement or Equipment in Feet",null,null,null,null,null,null,{"$f":"'Questions - Equipment'!#REF!","v":{"$error":"#REF!"}}]
["Field Efficiency (Enter As a Decimal, 80% as .8) - forced at 80%",null,null,null,null,null,null,0.8]
["    See Factors Page for Guidelines"]
["Total Acres of Annual Use",null,null,null,null,null,null,{"$f":"'Questions - Farm'!$B$6/VLOOKUP('Questions - Farm'!$C$6,Factors!$K$11:$L$15,2)","v":0}]
["    Count Each Pass Over the Same Piece of Ground To Get the"]
["    Total Acres of Annual use."]
[]
["Calculated Hours of Annual Use ",null,null,null,null,null,null,{"$f":"IF(H12=0,0,H12/H17)","v":0}]
["Calculated Acres Per Hour",null,null,null,null,null,null,{"$f":"H8*H9*(IF(H10<1,100*H10,H10))/825","v":{"$error":"#REF!"}}]
["Basic Information For Cost Calculations"]
["List Price",null,null,null,null,null,{"$f":"'Questions - Equipment'!#REF!","v":{"$error":"#REF!"}},{"$f":"'Questions - Equipment'!#REF!","v":{"$error":"#REF!"}}]
["Annual Use in Hours for Budget in question",null,null,null,null,null,{"$f":"'Questions - Equipment'!#REF!","v":{"$error":"#REF!"}},{"$f":"'Questions - Equipment'!#REF!","v":{"$error":"#REF!"}}]
["Estimated Life in Hours",null,null,null,null,null,12000,12000]
["Salvage Value - forced at 10% of list",null,null,null,null,null,{"$f":"G19*0.1","v":{"$error":"#REF!"}},{"$error":"#REF!"}]
["OPERATING COSTS:"]
["FUEL:"]
["   Fuel Factor (Diesel = .044, Gas = .06, LP = .072)",null,null,null,null,null,{"$f":"IFERROR(VLOOKUP('Questions - Equipment'!#REF!,DropdownLists!$E$2:$F$5,2),0)","v":0},{"$f":"IFERROR(VLOOKUP('Questions - Equipment'!#REF!,DropdownLists!$E$2:$F$5,2),0)","v":0}]
["   Horse Power",null,null,null,null,null,{"$f":"'Questions - Equipment'!#REF!","v":{"$error":"#REF!"}},{"$f":"'Questions - Equipment'!#REF!","v":{"$error":"#REF!"}}]
["   Price Per Gallon of Fuel",null,null,null,null,null,{"$f":"'Questions - Equipment'!#REF!","v":{"$error":"#REF!"}},{"$f":"'Questions - Equipment'!#REF!","v":{"$error":"#REF!"}}]
["   Calcualted Gallons or Kw Per Hour Used",null,null,null,null,null,{"$f":"G25*G26","v":{"$error":"#REF!"}},{"$error":"#REF!"}]
["      Total Fuel Costs",null,null,null,null,null,{"$f":"G28*G27*G20","v":{"$error":"#REF!"}},{"$error":"#REF!"}]
["ENGINE OIL AND OTHER LUBRICANTS:",null,null,null,null,null,{"$f":"0.15*G29","v":{"$error":"#REF!"}},{"$error":"#REF!"}]
["   (.15 X Fuel Costs)",null,null,null,null,null,{"$f":"G28*G20","v":{"$error":"#REF!"}},{"$error":"#REF!"}]
["REPAIRS:(OVERHAUL, PARTS, TIRES, PLUGS, ETC.)"]
["   Suggested Repair Cost Factor (See Factors Page)",null,null,null,null,null,1,{"$f":"IFERROR(VLOOKUP(H7,Factors!$A$11:$G$49,7),0)","v":0}]
["      Calculated Repairs Over Life of The Machine",null,null,null,null,null,{"$f":"G19*(IF(G33>3,G33/100,G33))","v":{"$error":"#REF!"}},{"$error":"#REF!"}]
["      Calculated Repair Cost Per Hour",null,null,null,null,null,{"$f":"IF(G21=0,0,G34/G21)","v":{"$error":"#REF!"}},{"$error":"#REF!"}]
["         Total Repair Costs (Average Annual Estimate)",null,null,null,null,null,{"$f":"G35*G20","v":{"$error":"#REF!"}},{"$error":"#REF!"}]
["TOTAL OPERATING COSTS FOR THE YEAR",null,null,null,null,null,{"$f":"G29+G30+G36","v":{"$error":"#REF!"}},{"$error":"#REF!"}]
[]
["   Estimated Average Operating Costs Per Hour",null,null,null,null,null,{"$f":"IF(G20=0,0,G37/G20)","v":{"$error":"#REF!"}},{"$error":"#REF!"}]
["   Estimated Average Operation Costs Per Acre",null,null,null,null,null,{"$f":"IF(G12=0,0,G37/G12)","v":0},0]
[]
["OWNERSHIP COSTS:"]
["DEPRECIATION:"]
["   Calculated Depreciation Costs Per Hour",null,null,null,null,null,{"$f":"IF(G21=0,0,(G19-G22)/G21)","v":{"$error":"#REF!"}},{"$error":"#REF!"}]
["      Total Depreciation (Straight Line Method)",null,null,null,null,null,{"$f":"G44*G20","v":{"$error":"#REF!"}},{"$error":"#REF!"}]
["OPPORTUNITY COST:"]
["   Interest Rate (Real Rates of Interest Should be Used)",null,null,null,null,null,{"$f":"'Questions - Equipment'!#REF!","v":{"$error":"#REF!"}},{"$f":"'Questions - Equipment'!#REF!","v":{"$error":"#REF!"}}]
["      (Enter 5% as .05, Not 5)"]
["Calculated Average Value of Machine - Equipment",null,null,null,null,null,{"$f":"(G19+G22)/2","v":{"$error":"#REF!"}},{"$error":"#REF!"}]
["Calculated Opportunity Cost",null,null,null,null,null,{"$f":"G47*G49","v":{"$error":"#REF!"}},{"$error":"#REF!"}]
[]
[]
[]
[]
[]
[]
["INSURANCE:"]
["   Premimum Rate Per $1000 of Valuation - fixed at 4.5",null,null,null,null,null,4.5,4.5]
["      Calculated Insurance Cost",null,null,null,null,null,{"$f":"G49/1000*G58","v":{"$error":"#REF!"}},{"$error":"#REF!"}]
[]
["Total Average Annual Ownership Cost",null,null,null,null,null,{"$f":"G45+G56+G59","v":{"$error":"#REF!"}},{"$error":"#REF!"}]
[]
["Avearage Ownership Cost Per Hour of Annual Use",null,null,null,null,null,{"$f":"IF(G20=0,0,G61/G20)","v":{"$error":"#REF!"}},{"$error":"#REF!"}]
["Avearage Ownership Cost Per Acre of Annual Use",null,null,null,null,null,{"$f":"IF(G12=0,0,G61/G12)","v":0},0]
["TOTAL COSTS:"]
["TOTAL COSTS (OWNERSHIP + OPERATING COSTS)",null,null,null,null,null,{"$f":"G37+G61","v":{"$error":"#REF!"}},{"$error":"#REF!"}]
[]
["Average Total Cost Per Hour of Annual Use",null,null,null,null,null,{"$f":"IF(G20=0,0,G66/G20)","v":{"$error":"#REF!"}},{"$error":"#REF!"}]
["      Does Not Include Labor (Operator) Cost"]
["Average Total Cost per Acre",null,null,null,null,null,{"$f":"G40+G64","v":0},0]

{"sheet":"Factors","index":11,"n_rows":112,"n_cols":13,"rows_kept":112,"cut":false,"hidden":true,"merged":[]}
[]
["The following table contains a guide for machinery"]
["repair factors and hours of useful life for farm machinery."]
["These factors are required input in this template"]
["and were derived from several years of Nebraska tractor"]
["test data."]
[]
[null,null,null,null,"Useful",null,"Repair"]
[null,null,null,null,"Life",null,"Cost",null,null,null,null,"Sqft/acre",43560]
["Machine",null,null,null,"Hours",null,"Factor",null,null,null,null,"Conversion to acres","Sq.ft."]
["ATV",null,null,null,12000,null,0.5,null,null,null,"acres",{"$f":"$M$9/M11","v":1},43560]
["Baler with Engine",null,null,null,2500,null,0.6,null,null,null,"feet of 3' bed",{"$f":"$M$9/M12","v":14520},3]
["Baler, PTO",null,null,null,2500,null,0.8,null,null,null,"feet of 4' bed",10890,4]
["Blower, Ensilage",null,null,null,2000,null,0.8,null,null,null,"feet of 5' bed",8712,5]
["Combine, PTO",null,null,null,2000,null,1,null,null,null,"sq. ft. ",43560,1]
["Combine, Self-Propelled",null,null,null,2000,null,0.6]
["Corn Head",null,null,null,2000,null,1]
["Corn Picker",null,null,null,2000,null,0.8]
["Cutter, Rotary",null,null,null,2000,null,0.6]
["Cutter, Stalk",null,null,null,2000,null,0.6]
["Fertilizer Equipment, Dry",null,null,null,1200,null,1.2]
["Fertilizer Equipment, Liquid",null,null,null,1200,null,1.2]
["Floats and Scrapers",null,null,null,2500,null,0.6]
["Harvester, Flail",null,null,null,2000,null,0.8]
["Harvester, Forage, Pull-Type",null,null,null,2000,null,0.8]
["Harvester, Forage, Self-Propelled",null,null,null,2000,null,0.6]
["Harvester, Potato",null,null,null,2500,null,0.8]
["Harvester, Sugar Beet",null,null,null,2500,null,0.8]
["Hay Conditioner",null,null,null,2500,null,1]
["Land Plane",null,null,null,2500,null,0.6]
["Loader, Ensilage",null,null,null,2000,null,1]
["Loader, Front End",null,null,null,2500,null,0.6]
["Manure Spreader",null,null,null,2500,null,0.6]
["Mower",null,null,null,2000,null,1.2]
["Rake, Side Delivery",null,null,null,2500,null,1]
["Seeding Equipment",null,null,null,1200,null,1]
["Sprayer, Self-Propelled",null,null,null,2000,null,0.8]
["Sprayers, Mounted",null,null,null,1200,null,1]
["Stationary, Power Unit",null,null,null,12000,null,1.2]
["Swather, Self-Propelled",null,null,null,2500,null,1]
["Tillage Tools",null,null,null,2500,null,1.2]
["Tractor, 2 Wheel Drive",null,null,null,12000,null,1.2]
["Tractor, 4 Wheel Drive",null,null,null,12000,null,1]
["Tractor, Crawler",null,null,null,12000,null,1]
["Truck, Farm",null,null,null,2000,null,0.8]
["Truck, Feed",null,null,null,2500,null,0.6]
["Truck, Pickup",null,null,null,2000,null,0.6]
["Wagon and Box",null,null,null,5000,null,1]
["Wagon, Feed",null,null,null,2500,null,1]
[]
[]
[]
["Estimates of machinery speed ranges and field efficiencies."]
["Values are from Nebraska tractor test data.",null,null,null,null,null,null,null,null,"Typical"]
[null,null,null,null,null,null,null,null,null,"Range"]
[null,null,null,null,null,"Speed or",null,null,null,"of Field"]
[null,null,null,null,null,"Performance",null,null,null,"Efficiency"]
["Machine",null,null,null,null,"Rate",null,null,null,"Percent"]
["Implement: ",null,null,null,"Speed"]
["  Bed sled or shaper",null,null,null,{"$f":"+AVERAGE(F60,G60)","v":3},2,4,"mph",null,"70-90"]
["  Chisel plow",null,null,null,5.25,4,6.5,"mph",null,"70-90"]
["  Fertilizer spreader, pull type",null,null,null,4,3,5,"mph",null,"60-75"]
["  Field cultivator",null,null,null,5.5,3,8,"mph",null,"70-90"]
["  Grain drill",null,null,null,4.25,2.5,6,"mph",null,"65-85"]
["  Harrow -- Single disk",null,null,null,4.5,3,6,"mph",null,"70-90"]
["Land Plane",null,null,null,3]
["  Lister",null,null,null,4.25,3,5.5,"mph",null,"70-90"]
["  Moldboard or disk plow",null,null,null,4.75,3.5,6,"mph",null,"70-90"]
["  Offset or heavy tandem disk",null,null,null,4.5,3,6,"mph",null,"70-90"]
["  One-way disk, 3-5 in. depth",null,null,null,5.5,4,7,"mph",null,"70-90"]
["  Powered rotary tiller",null,null,null,3,1,5,"mph",null,"70-90"]
["  Rod weeder",null,null,null,5,4,6,"mph",null,"70-90"]
["  Roller or packer (cultipacker)",null,null,null,6,4.5,7.5,"mph",null,"70-90"]
["  Rotary hoe",null,null,null,7.5,5,10,"mph",null,"70-85"]
["  Row crop cultivator - deep",null,null,null,2.25,1.5,3,"mph",null,"70-90"]
["  Row crop cultivator - shallow",null,null,null,3.75,2.5,5,"mph",null,"70-90"]
["  Spike tooth harrow",null,null,null,4.5,3,6,"mph",null,"70-90"]
["  Sprayer",null,null,null,4,3,5,"mph",null,"50-80"]
["  Spring Tooth harrow",null,null,null,4.5,3,6,"mph",null,"70-90"]
["  Subsoiler",null,null,null,4,3,5,"mph",null,"70-90"]
["  Tandem disk",null,null,null,4.5,3,6,"mph",null,"70-90"]
["  Unpowered rotary cultivator",null,null,null,5,3,7,"mph",null,"70-90"]
["Seed Drill",null,null,null,4.5,3,6,"mph",null,"50-85"]
[]
["Harvesting:"]
["  Bale-loader-stacker",null,null,null,12,9,15,"tons/hr",null,"----"]
["  Baler",null,null,null,{"$f":"+AVERAGE(F87,G87)","v":6.5},3,10,"mph",null,"60-85"]
["  Beet harvester",null,null,null,4,3,5,"mph",null,"60-80"]
["  Beet topper",null,null,null,2.5,2,3,"mph",null,"60-80"]
["  Combine - corn",null,null,null,3,2,4,"mph",null,"65-80"]
["  Combine - small grain",null,null,null,3,2,4,"mph",null,"65-80"]
["  Conditioner only",null,null,null,6,5,7,"mph",null,"75-85"]
["  Corn picker, 1 row, trailed",null,null,null,3,2,4,"mph",null,"60-80"]
["  Corn picker, 2 row, mounted",null,null,null,3,2,4,"mph",null,"60-80"]
["  Corn picker, 2 row, trailed",null,null,null,3,2,4,"mph",null,"60-80"]
["  Cotton picker, 1 row, mounted",null,null,null,0.7,0.6,0.8,"acres/hr",null,"60-75"]
["  Cotton picker, 1 row, self-propell.",null,null,null,1.05,0.9,1.2,"acres/hr",null,"60-75"]
["  Cotton stripper, 2 row",null,null,null,1.5,1,2,"acres/hr",null,"60-75"]
["  Flail-type forage harvester",null,null,null,7.5,5,10,"tons/hr",null,"50-75"]
["  Forage blower-wilted forage",null,null,null,25,20,30,"tons/hr",null,"----"]
["  Hay cuber",null,null,null,4,3,5,"tons/hr",null,"60-85"]
["  Hay stacker, seperate bucking",null,null,null,28.5,24,33,"tons/hr",null,"----"]
["  Loose hay Sweep",null,null,null,15.5,7,24,"tons/hr",null,"----"]
["  Mower only",null,null,null,6,5,7,"mph",null,"75-85"]
["  Mower-conditioner, cutter bar type",null,null,null,5,4,6,"mph",null,"60-85"]
["  Rake",null,null,null,4.5,4,5,"mph",null,"70-85"]
["  Rotary mower, horizontal blade",null,null,null,4,3,5,"mph",null,"60-80"]
["  Self propelled mower, conditioner",null,null,null,4.5,3,6,"mph",null,"55-85"]
["  Windrower, small grain",null,null,null,6,5,7,"mph",null,"75-85"]
[]
[]
["Development of this tool was funded by USDA RMA under award number: RM17RMEPP522C044/4500075419"]

{"sheet":"DropdownLists","index":12,"n_rows":66,"n_cols":15,"rows_kept":66,"cut":false,"hidden":true,"merged":[]}
["Area","Index","PowerUnits","Implements:","Fuel","factor",null,null,"Units",null,"Water","Irrigation Type","Operating Cost / AF","Ownership Cost / Acre; annualized"]
["acres",1,"Stationary, Power Unit","  Bed sled or shaper","Diesel",4.3999999999999997E-2,null,null,"tons",null,"Acre-Feet","Center Pivot",144,42,"same as WL"]
["feet of 3' bed",2,"Tractor, 2 Wheel Drive","  Chisel plow","Electric",0.74570000000000003,null,null,"pounds",null,"Acre-Inch","Drip",144,480,"Pepper, UCD"]
["feet of 4' bed",3,"Tractor, 4 Wheel Drive","  Fertilizer spreader, pull type","Gas",0.06,null,null,"seeds",null,null,"Flood",{"$f":"12*12","v":144},38,"Alfalfa, UCD"]
["feet of 5' bed",4,"Tractor, Crawler","  Field cultivator","Liquid Propane",7.1999999999999995E-2,null,null,"packets",null,null,"Micro-Spray",144,480,"assumed same as drip"]
["sq. ft. ",5,"Combine, PTO","  Grain drill",null,null,null,null,null,null,null,"Solid Set Sprinkler",144,85,"OSU, carrot"]
[null,6,"Combine, Self-Propelled","  Harrow -- Single disk",null,null,null,null,null,null,null,"Wheel Line",144,42,"Almond, UCD"]
[null,7,"Swather, Self-Propelled","Land Plane"]
[null,8,"Wagon and Box","  Lister"]
[null,9,"Corn Head","  Moldboard or disk plow"]
[null,10,"Corn Picker","  Offset or heavy tandem disk"]
[null,null,"Cutter, Rotary","  One-way disk, 3-5 in. depth"]
[null,null,"Cutter, Stalk","  Powered rotary tiller"]
[null,null,"Fertilizer Equipment, Dry","  Rod weeder"]
[null,null,"Fertilizer Equipment, Liquid","  Roller or packer (cultipacker)"]
[null,null,"Floats and Scrapers","  Rotary hoe"]
[null,null,"Harvester, Flail","  Row crop cultivator - deep"]
[null,null,"Harvester, Potato","  Row crop cultivator - shallow"]
[null,null,"Harvester, Sugar Beet","  Spike tooth harrow"]
[null,null,"Hay Conditioner","  Sprayer"]
[null,null,"Land Plane","  Spring Tooth harrow"]
[null,null,"Loader, Ensilage","  Subsoiler"]
[null,null,"Loader, Front End","  Tandem disk"]
[null,null,"Manure Spreader","  Unpowered rotary cultivator"]
[null,null,"Mower","Seed Drill"]
[null,null,"Rake, Side Delivery"]
[null,null,"Seeding Equipment","Harvesting:"]
[null,null,"Sprayers, Mounted","  Bale-loader-stacker"]
[null,null,"Tillage Tools","  Baler"]
[null,null,"Truck, Feed","  Beet harvester"]
[null,null,"Truck, Farm","  Beet topper"]
[null,null,"Truck, Pickup","  Combine - corn"]
[null,null,"Wagon, Feed","  Combine - small grain"]
[null,null,"Baler with Engine","  Conditioner only"]
[null,null,"Baler, PTO","  Corn picker, 1 row, trailed"]
[null,null,"Blower, Ensilage","  Corn picker, 2 row, mounted"]
[null,null,"Harvester, Forage, Pull-Type","  Corn picker, 2 row, trailed"]
[null,null,"Harvester, Forage, Self-Propelled","  Cotton picker, 1 row, mounted"]
[null,null,"Sprayer, Self-Propelled","  Cotton picker, 1 row, self-propell."]
[null,null,null,"  Cotton stripper, 2 row"]
[null,null,null,"  Flail-type forage harvester"]
[null,null,null,"  Forage blower-wilted forage"]
[null,null,null,"  Hay cuber"]
[null,null,null,"  Hay stacker, seperate bucking"]
[null,null,null,"  Loose hay Sweep"]
[null,null,null,"  Mower only"]
[null,null,null,"  Mower-conditioner, cutter bar type"]
[null,null,null,"  Rake"]
[null,null,null,"  Rotary mower, horizontal blade"]
[null,null,null,"  Self propelled mower, conditioner"]
[null,null,null,"  Windrower, small grain"]
[]
[]
[null,null,null,"Post Harvest: "]
[null,null,null,"Small threshing machine "]
[null,null,null,"Belt Thresher"]
[null,null,null,"Seed Cleaner"]
[null,null,null,"Seed Sizer"]
[null,null,null,"Indent Separator"]
[null,null,null,"Gravity Table"]
[null,null,null,"Tumble Dryer"]
[null,null,null,"Forced Air Dryers"]
[null,null,null,"Heated Dryers"]
[]
[]
["Development of this tool was funded by USDA RMA under award number: RM17RMEPP522C044/4500075419"]